{"id":11000,"date":"2025-03-25T13:45:41","date_gmt":"2025-03-25T12:45:41","guid":{"rendered":"https:\/\/radio-aviva.com\/perpignan\/?post_type=podcast&#038;p=11000"},"modified":"2025-03-24T13:14:08","modified_gmt":"2025-03-24T12:14:08","slug":"concert-apero-de-bess-anne-cancalon-directrice","status":"publish","type":"podcast","link":"https:\/\/radio-aviva.com\/perpignan\/podcast\/concert-apero-de-bess-anne-cancalon-directrice\/","title":{"rendered":"Concert Ap\u00e9ro de BESS &#8211; Anne CANCALON, Directrice"},"content":{"rendered":"<p>Le th\u00e9\u00e2tre de l\u2019\u00e9tang accueille BESS pour un concert ap\u00e9ro ! Mais qu\u2019est ce qu\u2019un concert ap\u00e9ro ? La r\u00e9ponse est sur Radio Aviva !<\/p>\n","protected":false},"author":329,"featured_media":11001,"template":"","tags":[],"podcastfilter":[209,272,165,127,152,88],"class_list":["post-11000","podcast","type-podcast","status-publish","has-post-thumbnail","hentry","podcastfilter-concert","podcastfilter-culture","podcastfilter-culture-compagnie","podcastfilter-culture-et-compagnie","podcastfilter-lien-social","podcastfilter-musique"],"_links":{"self":[{"href":"https:\/\/radio-aviva.com\/perpignan\/wp-json\/wp\/v2\/podcast\/11000","targetHints":{"allow":["GET"]}}],"collection":[{"href":"https:\/\/radio-aviva.com\/perpignan\/wp-json\/wp\/v2\/podcast"}],"about":[{"href":"https:\/\/radio-aviva.com\/perpignan\/wp-json\/wp\/v2\/types\/podcast"}],"author":[{"embeddable":true,"href":"https:\/\/radio-aviva.com\/perpignan\/wp-json\/wp\/v2\/users\/329"}],"version-history":[{"count":1,"href":"https:\/\/radio-aviva.com\/perpignan\/wp-json\/wp\/v2\/podcast\/11000\/revisions"}],"predecessor-version":[{"id":11002,"href":"https:\/\/radio-aviva.com\/perpignan\/wp-json\/wp\/v2\/podcast\/11000\/revisions\/11002"}],"wp:featuredmedia":[{"embeddable":true,"href":"https:\/\/radio-aviva.com\/perpignan\/wp-json\/wp\/v2\/media\/11001"}],"wp:attachment":[{"href":"https:\/\/radio-aviva.com\/perpignan\/wp-json\/wp\/v2\/media?parent=11000"}],"wp:term":[{"taxonomy":"post_tag","embeddable":true,"href":"https:\/\/radio-aviva.com\/perpignan\/wp-json\/wp\/v2\/tags?post=11000"},{"taxonomy":"podcastfilter","embeddable":true,"href":"https:\/\/radio-aviva.com\/perpignan\/wp-json\/wp\/v2\/podcastfilter?post=11000"}],"curies":[{"name":"wp","href":"https:\/\/api.w.org\/{rel}","templated":true}]}}

Concert Apéro de BESS &#8211; Anne CANCALON, Directrice

<p>Le théâtre de l’étang accueille BESS pour un concert apéro ! Mais qu’est ce qu’un concert apéro ? La réponse est sur Radio Aviva !</p>
