{"id":11007,"date":"2025-03-29T13:45:55","date_gmt":"2025-03-29T12:45:55","guid":{"rendered":"https:\/\/radio-aviva.com\/perpignan\/?post_type=podcast&#038;p=11007"},"modified":"2025-03-27T16:47:35","modified_gmt":"2025-03-27T15:47:35","slug":"le-festival-de-musique-sacree-elisabeth-dooms-directrice","status":"publish","type":"podcast","link":"https:\/\/radio-aviva.com\/perpignan\/podcast\/le-festival-de-musique-sacree-elisabeth-dooms-directrice\/","title":{"rendered":"Le festival de Musique Sacr\u00e9e &#8211; Elisabeth DOOMS, Directrice"},"content":{"rendered":"<p>Fraternit\u00e9 et interculturalit\u00e9 sont au c\u0153ur du\u00a0Festival de Musique Sacr\u00e9e. Demandez le programme sur Radio AVIVA.<\/p>\n","protected":false},"author":329,"featured_media":11008,"template":"","tags":[],"podcastfilter":[170,272,165,127,255,167,88],"class_list":["post-11007","podcast","type-podcast","status-publish","has-post-thumbnail","hentry","podcastfilter-actions-culturelles","podcastfilter-culture","podcastfilter-culture-compagnie","podcastfilter-culture-et-compagnie","podcastfilter-evenement","podcastfilter-festival","podcastfilter-musique"],"_links":{"self":[{"href":"https:\/\/radio-aviva.com\/perpignan\/wp-json\/wp\/v2\/podcast\/11007","targetHints":{"allow":["GET"]}}],"collection":[{"href":"https:\/\/radio-aviva.com\/perpignan\/wp-json\/wp\/v2\/podcast"}],"about":[{"href":"https:\/\/radio-aviva.com\/perpignan\/wp-json\/wp\/v2\/types\/podcast"}],"author":[{"embeddable":true,"href":"https:\/\/radio-aviva.com\/perpignan\/wp-json\/wp\/v2\/users\/329"}],"version-history":[{"count":1,"href":"https:\/\/radio-aviva.com\/perpignan\/wp-json\/wp\/v2\/podcast\/11007\/revisions"}],"predecessor-version":[{"id":11009,"href":"https:\/\/radio-aviva.com\/perpignan\/wp-json\/wp\/v2\/podcast\/11007\/revisions\/11009"}],"wp:featuredmedia":[{"embeddable":true,"href":"https:\/\/radio-aviva.com\/perpignan\/wp-json\/wp\/v2\/media\/11008"}],"wp:attachment":[{"href":"https:\/\/radio-aviva.com\/perpignan\/wp-json\/wp\/v2\/media?parent=11007"}],"wp:term":[{"taxonomy":"post_tag","embeddable":true,"href":"https:\/\/radio-aviva.com\/perpignan\/wp-json\/wp\/v2\/tags?post=11007"},{"taxonomy":"podcastfilter","embeddable":true,"href":"https:\/\/radio-aviva.com\/perpignan\/wp-json\/wp\/v2\/podcastfilter?post=11007"}],"curies":[{"name":"wp","href":"https:\/\/api.w.org\/{rel}","templated":true}]}}

Le festival de Musique Sacrée &#8211; Elisabeth DOOMS, Directrice

<p>Fraternité et interculturalité sont au cœur du Festival de Musique Sacrée. Demandez le programme sur Radio AVIVA.</p>
