{"id":11010,"date":"2025-03-31T13:45:42","date_gmt":"2025-03-31T11:45:42","guid":{"rendered":"https:\/\/radio-aviva.com\/perpignan\/?post_type=podcast&#038;p=11010"},"modified":"2025-03-28T13:26:47","modified_gmt":"2025-03-28T12:26:47","slug":"conference-sur-le-temple-de-karnak-guy-bessieres-president-de-lassociation","status":"publish","type":"podcast","link":"https:\/\/radio-aviva.com\/perpignan\/podcast\/conference-sur-le-temple-de-karnak-guy-bessieres-president-de-lassociation\/","title":{"rendered":"Conf\u00e9rence sur le temple de Karnak &#8211; Guy BESSIERES, Pr\u00e9sident de l&rsquo;Association"},"content":{"rendered":"<p>Que cache le temple de Karnak ? On en parle sur Radio aviva \u00e0 l\u2019occasion d\u2019une conf\u00e9rence de Marc Gabole, professeur en \u00e9gyptologie \u00e0 l\u2019Universit\u00e9 Paul Val\u00e9ry Montpellier III.<\/p>\n","protected":false},"author":329,"featured_media":11011,"template":"","tags":[],"podcastfilter":[195,208,144,175,135],"class_list":["post-11010","podcast","type-podcast","status-publish","has-post-thumbnail","hentry","podcastfilter-archeologie","podcastfilter-conference","podcastfilter-histoire","podcastfilter-invite-de-la-redaction","podcastfilter-linvite-de-la-redaction"],"_links":{"self":[{"href":"https:\/\/radio-aviva.com\/perpignan\/wp-json\/wp\/v2\/podcast\/11010","targetHints":{"allow":["GET"]}}],"collection":[{"href":"https:\/\/radio-aviva.com\/perpignan\/wp-json\/wp\/v2\/podcast"}],"about":[{"href":"https:\/\/radio-aviva.com\/perpignan\/wp-json\/wp\/v2\/types\/podcast"}],"author":[{"embeddable":true,"href":"https:\/\/radio-aviva.com\/perpignan\/wp-json\/wp\/v2\/users\/329"}],"version-history":[{"count":1,"href":"https:\/\/radio-aviva.com\/perpignan\/wp-json\/wp\/v2\/podcast\/11010\/revisions"}],"predecessor-version":[{"id":11012,"href":"https:\/\/radio-aviva.com\/perpignan\/wp-json\/wp\/v2\/podcast\/11010\/revisions\/11012"}],"wp:featuredmedia":[{"embeddable":true,"href":"https:\/\/radio-aviva.com\/perpignan\/wp-json\/wp\/v2\/media\/11011"}],"wp:attachment":[{"href":"https:\/\/radio-aviva.com\/perpignan\/wp-json\/wp\/v2\/media?parent=11010"}],"wp:term":[{"taxonomy":"post_tag","embeddable":true,"href":"https:\/\/radio-aviva.com\/perpignan\/wp-json\/wp\/v2\/tags?post=11010"},{"taxonomy":"podcastfilter","embeddable":true,"href":"https:\/\/radio-aviva.com\/perpignan\/wp-json\/wp\/v2\/podcastfilter?post=11010"}],"curies":[{"name":"wp","href":"https:\/\/api.w.org\/{rel}","templated":true}]}}

Conférence sur le temple de Karnak &#8211; Guy BESSIERES, Président de l&rsquo;Association

<p>Que cache le temple de Karnak ? On en parle sur Radio aviva à l’occasion d’une conférence de Marc Gabole, professeur en égyptologie à l’Université Paul Valéry Montpellier III.</p>
