{"id":11024,"date":"2025-04-03T09:54:44","date_gmt":"2025-04-03T07:54:44","guid":{"rendered":"https:\/\/radio-aviva.com\/perpignan\/?post_type=podcast&#038;p=11024"},"modified":"2025-04-03T09:54:44","modified_gmt":"2025-04-03T07:54:44","slug":"festival-3x4-xavier-espinet-responsable-projet-christian-assalit-responsable-formation","status":"publish","type":"podcast","link":"https:\/\/radio-aviva.com\/perpignan\/podcast\/festival-3x4-xavier-espinet-responsable-projet-christian-assalit-responsable-formation\/","title":{"rendered":"FESTIVAL 3X4  Xavier ESPINET, Responsable Projet, Christian ASSALIT, Responsable Formation"},"content":{"rendered":"<p><span class=\"notion-enable-hover\" data-token-index=\"0\">Le 3&#215;4, nouveau festival d&rsquo;animation, accueille 1 200 \u00e9l\u00e8ves bilingues fran\u00e7ais-catalan ! On en parle sur Radio AVIVA<\/span><\/p>\n","protected":false},"author":329,"featured_media":11025,"template":"","tags":[],"podcastfilter":[260,128,272,126],"class_list":["post-11024","podcast","type-podcast","status-publish","has-post-thumbnail","hentry","podcastfilter-catalanite","podcastfilter-cinema","podcastfilter-culture","podcastfilter-education"],"_links":{"self":[{"href":"https:\/\/radio-aviva.com\/perpignan\/wp-json\/wp\/v2\/podcast\/11024","targetHints":{"allow":["GET"]}}],"collection":[{"href":"https:\/\/radio-aviva.com\/perpignan\/wp-json\/wp\/v2\/podcast"}],"about":[{"href":"https:\/\/radio-aviva.com\/perpignan\/wp-json\/wp\/v2\/types\/podcast"}],"author":[{"embeddable":true,"href":"https:\/\/radio-aviva.com\/perpignan\/wp-json\/wp\/v2\/users\/329"}],"version-history":[{"count":1,"href":"https:\/\/radio-aviva.com\/perpignan\/wp-json\/wp\/v2\/podcast\/11024\/revisions"}],"predecessor-version":[{"id":11026,"href":"https:\/\/radio-aviva.com\/perpignan\/wp-json\/wp\/v2\/podcast\/11024\/revisions\/11026"}],"wp:featuredmedia":[{"embeddable":true,"href":"https:\/\/radio-aviva.com\/perpignan\/wp-json\/wp\/v2\/media\/11025"}],"wp:attachment":[{"href":"https:\/\/radio-aviva.com\/perpignan\/wp-json\/wp\/v2\/media?parent=11024"}],"wp:term":[{"taxonomy":"post_tag","embeddable":true,"href":"https:\/\/radio-aviva.com\/perpignan\/wp-json\/wp\/v2\/tags?post=11024"},{"taxonomy":"podcastfilter","embeddable":true,"href":"https:\/\/radio-aviva.com\/perpignan\/wp-json\/wp\/v2\/podcastfilter?post=11024"}],"curies":[{"name":"wp","href":"https:\/\/api.w.org\/{rel}","templated":true}]}}

<p><span class="notion-enable-hover" data-token-index="0">Le 3&#215;4, nouveau festival d&rsquo;animation, accueille 1 200 élèves bilingues français-catalan ! On en parle sur Radio AVIVA</span></p>
