{"id":11027,"date":"2025-04-06T15:00:41","date_gmt":"2025-04-06T13:00:41","guid":{"rendered":"https:\/\/radio-aviva.com\/perpignan\/?post_type=podcast&#038;p=11027"},"modified":"2025-04-07T10:47:05","modified_gmt":"2025-04-07T08:47:05","slug":"memorial-du-camp-de-rivesaltes-college-gerard-philipe-de-montpellier","status":"publish","type":"podcast","link":"https:\/\/radio-aviva.com\/perpignan\/podcast\/memorial-du-camp-de-rivesaltes-college-gerard-philipe-de-montpellier\/","title":{"rendered":"MEMORIAL DU CAMP DE RIVESALTES &#8211;  Coll\u00e8ge  G\u00e9rard PHILIPE de Montpellier"},"content":{"rendered":"<p>Les 3e du coll\u00e8ge G\u00e9rard-Philipe \u00e0 Montpellier viennent au m\u00e9morial du camp de Rivesaltes. Ce que les \u00e9l\u00e8ves pensent aujourd\u2019hui et pour le futur avant de venir au M\u00e9morial du camp de Rivesaltes<\/p>\n","protected":false},"author":329,"featured_media":11029,"template":"","tags":[],"podcastfilter":[217,292,258,133],"class_list":["post-11027","podcast","type-podcast","status-publish","has-post-thumbnail","hentry","podcastfilter-academie","podcastfilter-ateliers-pedagogiques","podcastfilter-herault","podcastfilter-memoire"],"_links":{"self":[{"href":"https:\/\/radio-aviva.com\/perpignan\/wp-json\/wp\/v2\/podcast\/11027","targetHints":{"allow":["GET"]}}],"collection":[{"href":"https:\/\/radio-aviva.com\/perpignan\/wp-json\/wp\/v2\/podcast"}],"about":[{"href":"https:\/\/radio-aviva.com\/perpignan\/wp-json\/wp\/v2\/types\/podcast"}],"author":[{"embeddable":true,"href":"https:\/\/radio-aviva.com\/perpignan\/wp-json\/wp\/v2\/users\/329"}],"version-history":[{"count":2,"href":"https:\/\/radio-aviva.com\/perpignan\/wp-json\/wp\/v2\/podcast\/11027\/revisions"}],"predecessor-version":[{"id":11043,"href":"https:\/\/radio-aviva.com\/perpignan\/wp-json\/wp\/v2\/podcast\/11027\/revisions\/11043"}],"wp:featuredmedia":[{"embeddable":true,"href":"https:\/\/radio-aviva.com\/perpignan\/wp-json\/wp\/v2\/media\/11029"}],"wp:attachment":[{"href":"https:\/\/radio-aviva.com\/perpignan\/wp-json\/wp\/v2\/media?parent=11027"}],"wp:term":[{"taxonomy":"post_tag","embeddable":true,"href":"https:\/\/radio-aviva.com\/perpignan\/wp-json\/wp\/v2\/tags?post=11027"},{"taxonomy":"podcastfilter","embeddable":true,"href":"https:\/\/radio-aviva.com\/perpignan\/wp-json\/wp\/v2\/podcastfilter?post=11027"}],"curies":[{"name":"wp","href":"https:\/\/api.w.org\/{rel}","templated":true}]}}

MEMORIAL DU CAMP DE RIVESALTES &#8211;  Collège  Gérard PHILIPE de Montpellier

<p>Les 3e du collège Gérard-Philipe à Montpellier viennent au mémorial du camp de Rivesaltes. Ce que les élèves pensent aujourd’hui et pour le futur avant de venir au Mémorial du camp de Rivesaltes</p>
