{"id":11032,"date":"2025-04-04T12:00:38","date_gmt":"2025-04-04T10:00:38","guid":{"rendered":"https:\/\/radio-aviva.com\/perpignan\/?post_type=podcast&#038;p=11032"},"modified":"2025-04-03T13:57:17","modified_gmt":"2025-04-03T11:57:17","slug":"salon-des-antiquaires-sylvie-bonafos-vice-presidente-de-la-cci-des-pyrenees-orientales","status":"publish","type":"podcast","link":"https:\/\/radio-aviva.com\/perpignan\/podcast\/salon-des-antiquaires-sylvie-bonafos-vice-presidente-de-la-cci-des-pyrenees-orientales\/","title":{"rendered":"SALON DES ANTIQUAIRES &#8211; Sylvie BONAFOS, Vice pr\u00e9sidente de la CCI des Pyr\u00e9n\u00e9es Orientales  &#8211;"},"content":{"rendered":"<p><span style=\"color: #0d0d0d;font-family: Helvetica, Arial, sans-serif;font-size: 13px\">Vous aimez d\u00e9nicher la perle rare, red\u00e9corer votre int\u00e9rieure ou collectionner ? Radio AVIVA vous pr\u00e9sente le premier Salon des Antiquaires de Perpignan organis\u00e9 par la Chambre de Commerce et d\u2019Industrie des Pyr\u00e9n\u00e9es-Orientales.<\/span><\/p>\n","protected":false},"author":329,"featured_media":11033,"template":"","tags":[],"podcastfilter":[156,272,134],"class_list":["post-11032","podcast","type-podcast","status-publish","has-post-thumbnail","hentry","podcastfilter-cci","podcastfilter-culture","podcastfilter-exposition"],"_links":{"self":[{"href":"https:\/\/radio-aviva.com\/perpignan\/wp-json\/wp\/v2\/podcast\/11032","targetHints":{"allow":["GET"]}}],"collection":[{"href":"https:\/\/radio-aviva.com\/perpignan\/wp-json\/wp\/v2\/podcast"}],"about":[{"href":"https:\/\/radio-aviva.com\/perpignan\/wp-json\/wp\/v2\/types\/podcast"}],"author":[{"embeddable":true,"href":"https:\/\/radio-aviva.com\/perpignan\/wp-json\/wp\/v2\/users\/329"}],"version-history":[{"count":2,"href":"https:\/\/radio-aviva.com\/perpignan\/wp-json\/wp\/v2\/podcast\/11032\/revisions"}],"predecessor-version":[{"id":11035,"href":"https:\/\/radio-aviva.com\/perpignan\/wp-json\/wp\/v2\/podcast\/11032\/revisions\/11035"}],"wp:featuredmedia":[{"embeddable":true,"href":"https:\/\/radio-aviva.com\/perpignan\/wp-json\/wp\/v2\/media\/11033"}],"wp:attachment":[{"href":"https:\/\/radio-aviva.com\/perpignan\/wp-json\/wp\/v2\/media?parent=11032"}],"wp:term":[{"taxonomy":"post_tag","embeddable":true,"href":"https:\/\/radio-aviva.com\/perpignan\/wp-json\/wp\/v2\/tags?post=11032"},{"taxonomy":"podcastfilter","embeddable":true,"href":"https:\/\/radio-aviva.com\/perpignan\/wp-json\/wp\/v2\/podcastfilter?post=11032"}],"curies":[{"name":"wp","href":"https:\/\/api.w.org\/{rel}","templated":true}]}}

SALON DES ANTIQUAIRES &#8211; Sylvie BONAFOS, Vice présidente de la CCI des Pyrénées Orientales  &#8211;

<p><span style="color: #0d0d0d;font-family: Helvetica, Arial, sans-serif;font-size: 13px">Vous aimez dénicher la perle rare, redécorer votre intérieure ou collectionner ? Radio AVIVA vous présente le premier Salon des Antiquaires de Perpignan organisé par la Chambre de Commerce et d’Industrie des Pyrénées-Orientales.</span></p>
