{"id":11036,"date":"2025-04-07T12:00:24","date_gmt":"2025-04-07T10:00:24","guid":{"rendered":"https:\/\/radio-aviva.com\/perpignan\/?post_type=podcast&#038;p=11036"},"modified":"2025-04-03T13:59:34","modified_gmt":"2025-04-03T11:59:34","slug":"foire-expo-de-perpignan-frederique-guillaumon-president-de-la-regie-du-parc-des-expositions","status":"publish","type":"podcast","link":"https:\/\/radio-aviva.com\/perpignan\/podcast\/foire-expo-de-perpignan-frederique-guillaumon-president-de-la-regie-du-parc-des-expositions\/","title":{"rendered":"FOIRE EXPO DE PERPIGNAN &#8211; Fr\u00e9d\u00e9rique GUILLAUMON, Pr\u00e9sident de la R\u00e9gie du parc des expositions-"},"content":{"rendered":"<p>Fr\u00e9d\u00e9ric GUILLAUMON, Pr\u00e9sident de la R\u00e9gie du parc des expositions, est notre invit\u00e9 pour nous d\u00e9voiler les r\u00e9jouissances de la 40\u00e9me Foire Expo de Perpignan du 10 au 14 avril<\/p>\n","protected":false},"author":329,"featured_media":11037,"template":"","tags":[],"podcastfilter":[162,272,172,143],"class_list":["post-11036","podcast","type-podcast","status-publish","has-post-thumbnail","hentry","podcastfilter-cuisine","podcastfilter-culture","podcastfilter-energies-renouvelables","podcastfilter-environnement"],"_links":{"self":[{"href":"https:\/\/radio-aviva.com\/perpignan\/wp-json\/wp\/v2\/podcast\/11036","targetHints":{"allow":["GET"]}}],"collection":[{"href":"https:\/\/radio-aviva.com\/perpignan\/wp-json\/wp\/v2\/podcast"}],"about":[{"href":"https:\/\/radio-aviva.com\/perpignan\/wp-json\/wp\/v2\/types\/podcast"}],"author":[{"embeddable":true,"href":"https:\/\/radio-aviva.com\/perpignan\/wp-json\/wp\/v2\/users\/329"}],"version-history":[{"count":2,"href":"https:\/\/radio-aviva.com\/perpignan\/wp-json\/wp\/v2\/podcast\/11036\/revisions"}],"predecessor-version":[{"id":11039,"href":"https:\/\/radio-aviva.com\/perpignan\/wp-json\/wp\/v2\/podcast\/11036\/revisions\/11039"}],"wp:featuredmedia":[{"embeddable":true,"href":"https:\/\/radio-aviva.com\/perpignan\/wp-json\/wp\/v2\/media\/11037"}],"wp:attachment":[{"href":"https:\/\/radio-aviva.com\/perpignan\/wp-json\/wp\/v2\/media?parent=11036"}],"wp:term":[{"taxonomy":"post_tag","embeddable":true,"href":"https:\/\/radio-aviva.com\/perpignan\/wp-json\/wp\/v2\/tags?post=11036"},{"taxonomy":"podcastfilter","embeddable":true,"href":"https:\/\/radio-aviva.com\/perpignan\/wp-json\/wp\/v2\/podcastfilter?post=11036"}],"curies":[{"name":"wp","href":"https:\/\/api.w.org\/{rel}","templated":true}]}}

FOIRE EXPO DE PERPIGNAN &#8211; Frédérique GUILLAUMON, Président de la Régie du parc des expositions-

<p>Frédéric GUILLAUMON, Président de la Régie du parc des expositions, est notre invité pour nous dévoiler les réjouissances de la 40éme Foire Expo de Perpignan du 10 au 14 avril</p>
