{"id":11054,"date":"2025-04-17T10:49:41","date_gmt":"2025-04-17T08:49:41","guid":{"rendered":"https:\/\/radio-aviva.com\/perpignan\/?post_type=podcast&#038;p=11054"},"modified":"2025-04-17T10:49:41","modified_gmt":"2025-04-17T08:49:41","slug":"festival-de-musique-sacree-journee-de-cloture-elisabeth-dooms-directrice","status":"publish","type":"podcast","link":"https:\/\/radio-aviva.com\/perpignan\/podcast\/festival-de-musique-sacree-journee-de-cloture-elisabeth-dooms-directrice\/","title":{"rendered":"Festival de Musique Sacr\u00e9e Journ\u00e9e de Cl\u00f4ture &#8211; Elisabeth DOOMS, directrice"},"content":{"rendered":"<p>Fraternit\u00e9 et interculturalit\u00e9 sont au c\u0153ur du\u00a0Festival de Musique Sacr\u00e9e. Focus sur la journ\u00e9e de cl\u00f4ture, le 17 Avril.<\/p>\n","protected":false},"author":329,"featured_media":11008,"template":"","tags":[],"podcastfilter":[170,209,272,165,127,167,88],"class_list":["post-11054","podcast","type-podcast","status-publish","has-post-thumbnail","hentry","podcastfilter-actions-culturelles","podcastfilter-concert","podcastfilter-culture","podcastfilter-culture-compagnie","podcastfilter-culture-et-compagnie","podcastfilter-festival","podcastfilter-musique"],"_links":{"self":[{"href":"https:\/\/radio-aviva.com\/perpignan\/wp-json\/wp\/v2\/podcast\/11054","targetHints":{"allow":["GET"]}}],"collection":[{"href":"https:\/\/radio-aviva.com\/perpignan\/wp-json\/wp\/v2\/podcast"}],"about":[{"href":"https:\/\/radio-aviva.com\/perpignan\/wp-json\/wp\/v2\/types\/podcast"}],"author":[{"embeddable":true,"href":"https:\/\/radio-aviva.com\/perpignan\/wp-json\/wp\/v2\/users\/329"}],"version-history":[{"count":1,"href":"https:\/\/radio-aviva.com\/perpignan\/wp-json\/wp\/v2\/podcast\/11054\/revisions"}],"predecessor-version":[{"id":11055,"href":"https:\/\/radio-aviva.com\/perpignan\/wp-json\/wp\/v2\/podcast\/11054\/revisions\/11055"}],"wp:featuredmedia":[{"embeddable":true,"href":"https:\/\/radio-aviva.com\/perpignan\/wp-json\/wp\/v2\/media\/11008"}],"wp:attachment":[{"href":"https:\/\/radio-aviva.com\/perpignan\/wp-json\/wp\/v2\/media?parent=11054"}],"wp:term":[{"taxonomy":"post_tag","embeddable":true,"href":"https:\/\/radio-aviva.com\/perpignan\/wp-json\/wp\/v2\/tags?post=11054"},{"taxonomy":"podcastfilter","embeddable":true,"href":"https:\/\/radio-aviva.com\/perpignan\/wp-json\/wp\/v2\/podcastfilter?post=11054"}],"curies":[{"name":"wp","href":"https:\/\/api.w.org\/{rel}","templated":true}]}}

Festival de Musique Sacrée Journée de Clôture &#8211; Elisabeth DOOMS, directrice

<p>Fraternité et interculturalité sont au cœur du Festival de Musique Sacrée. Focus sur la journée de clôture, le 17 Avril.</p>
