{"id":11056,"date":"2025-04-15T10:52:04","date_gmt":"2025-04-15T08:52:04","guid":{"rendered":"https:\/\/radio-aviva.com\/perpignan\/?post_type=podcast&#038;p=11056"},"modified":"2025-04-17T10:52:51","modified_gmt":"2025-04-17T08:52:51","slug":"festival-de-musique-sacree-focus-sur-la-journee-du-15-elisabeth-dooms-directrice","status":"publish","type":"podcast","link":"https:\/\/radio-aviva.com\/perpignan\/podcast\/festival-de-musique-sacree-focus-sur-la-journee-du-15-elisabeth-dooms-directrice\/","title":{"rendered":"Festival de Musique Sacr\u00e9e Focus sur la journ\u00e9e du 15  &#8211; Elisabeth DOOMS, Directrice"},"content":{"rendered":"<p>Fraternit\u00e9 et interculturalit\u00e9 sont au c\u0153ur du\u00a0Festival de Musique Sacr\u00e9e. Focus sur la journ\u00e9e du 15 avril !<\/p>\n","protected":false},"author":329,"featured_media":11008,"template":"","tags":[],"podcastfilter":[170,209,272,165,127,167,88],"class_list":["post-11056","podcast","type-podcast","status-publish","has-post-thumbnail","hentry","podcastfilter-actions-culturelles","podcastfilter-concert","podcastfilter-culture","podcastfilter-culture-compagnie","podcastfilter-culture-et-compagnie","podcastfilter-festival","podcastfilter-musique"],"_links":{"self":[{"href":"https:\/\/radio-aviva.com\/perpignan\/wp-json\/wp\/v2\/podcast\/11056","targetHints":{"allow":["GET"]}}],"collection":[{"href":"https:\/\/radio-aviva.com\/perpignan\/wp-json\/wp\/v2\/podcast"}],"about":[{"href":"https:\/\/radio-aviva.com\/perpignan\/wp-json\/wp\/v2\/types\/podcast"}],"author":[{"embeddable":true,"href":"https:\/\/radio-aviva.com\/perpignan\/wp-json\/wp\/v2\/users\/329"}],"version-history":[{"count":1,"href":"https:\/\/radio-aviva.com\/perpignan\/wp-json\/wp\/v2\/podcast\/11056\/revisions"}],"predecessor-version":[{"id":11057,"href":"https:\/\/radio-aviva.com\/perpignan\/wp-json\/wp\/v2\/podcast\/11056\/revisions\/11057"}],"wp:featuredmedia":[{"embeddable":true,"href":"https:\/\/radio-aviva.com\/perpignan\/wp-json\/wp\/v2\/media\/11008"}],"wp:attachment":[{"href":"https:\/\/radio-aviva.com\/perpignan\/wp-json\/wp\/v2\/media?parent=11056"}],"wp:term":[{"taxonomy":"post_tag","embeddable":true,"href":"https:\/\/radio-aviva.com\/perpignan\/wp-json\/wp\/v2\/tags?post=11056"},{"taxonomy":"podcastfilter","embeddable":true,"href":"https:\/\/radio-aviva.com\/perpignan\/wp-json\/wp\/v2\/podcastfilter?post=11056"}],"curies":[{"name":"wp","href":"https:\/\/api.w.org\/{rel}","templated":true}]}}

Festival de Musique Sacrée Focus sur la journée du 15  &#8211; Elisabeth DOOMS, Directrice

<p>Fraternité et interculturalité sont au cœur du Festival de Musique Sacrée. Focus sur la journée du 15 avril !</p>
