{"id":11067,"date":"2025-04-25T08:45:56","date_gmt":"2025-04-25T06:45:56","guid":{"rendered":"https:\/\/radio-aviva.com\/perpignan\/?post_type=podcast&#038;p=11067"},"modified":"2025-04-23T13:12:23","modified_gmt":"2025-04-23T11:12:23","slug":"france-travail-le-marche-du-travail-gaetan-et-florence","status":"publish","type":"podcast","link":"https:\/\/radio-aviva.com\/perpignan\/podcast\/france-travail-le-marche-du-travail-gaetan-et-florence\/","title":{"rendered":"France Travail &#8211; Le March\u00e9 du travail &#8211; Ga\u00ebtan et Florence"},"content":{"rendered":"<p>Florence et Ga\u00ebtan nous parle du March\u00e9 de Travail.<\/p>\n","protected":false},"author":329,"featured_media":9006,"template":"","tags":[],"podcastfilter":[181,299,308,186,302],"class_list":["post-11067","podcast","type-podcast","status-publish","has-post-thumbnail","hentry","podcastfilter-emploi","podcastfilter-emploi-formations","podcastfilter-france-travail","podcastfilter-pyrenees-orientales-2","podcastfilter-quelques-minutes-pour-lemploi"],"_links":{"self":[{"href":"https:\/\/radio-aviva.com\/perpignan\/wp-json\/wp\/v2\/podcast\/11067","targetHints":{"allow":["GET"]}}],"collection":[{"href":"https:\/\/radio-aviva.com\/perpignan\/wp-json\/wp\/v2\/podcast"}],"about":[{"href":"https:\/\/radio-aviva.com\/perpignan\/wp-json\/wp\/v2\/types\/podcast"}],"author":[{"embeddable":true,"href":"https:\/\/radio-aviva.com\/perpignan\/wp-json\/wp\/v2\/users\/329"}],"version-history":[{"count":1,"href":"https:\/\/radio-aviva.com\/perpignan\/wp-json\/wp\/v2\/podcast\/11067\/revisions"}],"predecessor-version":[{"id":11068,"href":"https:\/\/radio-aviva.com\/perpignan\/wp-json\/wp\/v2\/podcast\/11067\/revisions\/11068"}],"wp:featuredmedia":[{"embeddable":true,"href":"https:\/\/radio-aviva.com\/perpignan\/wp-json\/wp\/v2\/media\/9006"}],"wp:attachment":[{"href":"https:\/\/radio-aviva.com\/perpignan\/wp-json\/wp\/v2\/media?parent=11067"}],"wp:term":[{"taxonomy":"post_tag","embeddable":true,"href":"https:\/\/radio-aviva.com\/perpignan\/wp-json\/wp\/v2\/tags?post=11067"},{"taxonomy":"podcastfilter","embeddable":true,"href":"https:\/\/radio-aviva.com\/perpignan\/wp-json\/wp\/v2\/podcastfilter?post=11067"}],"curies":[{"name":"wp","href":"https:\/\/api.w.org\/{rel}","templated":true}]}}

France Travail &#8211; Le Marché du travail &#8211; Gaëtan et Florence

<p>Florence et Gaëtan nous parle du Marché de Travail.</p>
