{"id":11115,"date":"2025-04-29T10:18:39","date_gmt":"2025-04-29T08:18:39","guid":{"rendered":"https:\/\/radio-aviva.com\/perpignan\/?post_type=podcast&#038;p=11115"},"modified":"2025-04-29T10:19:11","modified_gmt":"2025-04-29T08:19:11","slug":"semaine-des-rencontres-intergenerationnelles-jocelyne-carolle-presidente","status":"publish","type":"podcast","link":"https:\/\/radio-aviva.com\/perpignan\/podcast\/semaine-des-rencontres-intergenerationnelles-jocelyne-carolle-presidente\/","title":{"rendered":"Semaine des rencontres interg\u00e9n\u00e9rationnelles &#8211; Jocelyne CAROLLE, Pr\u00e9sidente"},"content":{"rendered":"<p>Dans le cadre de la Semaine des rencontres interg\u00e9n\u00e9rationnelles et de la Journ\u00e9e europ\u00e9enne de la solidarit\u00e9 entre les g\u00e9n\u00e9rations le 29 avril\u00a0: Un cin\u00e9-d\u00e9bat se tiendra au Palais des Congr\u00e8s de Perpignan, dans l&rsquo;apr\u00e8s-midi. Partenariat avec Equilibre 66. Le 30 avril\u00a0: L&rsquo;Espace Jeunesse de Saint-Est\u00e8ve accueillera un apr\u00e8s-midi de jeux de soci\u00e9t\u00e9 interg\u00e9n\u00e9rationnel, r\u00e9unissant seniors et jeunes. On en parle sur Radio Aviva.<\/p>\n","protected":false},"author":329,"featured_media":11118,"template":"","tags":[],"podcastfilter":[190,255,314,152,149],"class_list":["post-11115","podcast","type-podcast","status-publish","has-post-thumbnail","hentry","podcastfilter-association","podcastfilter-evenement","podcastfilter-la-voix-des-assos","podcastfilter-lien-social","podcastfilter-solidarite"],"_links":{"self":[{"href":"https:\/\/radio-aviva.com\/perpignan\/wp-json\/wp\/v2\/podcast\/11115","targetHints":{"allow":["GET"]}}],"collection":[{"href":"https:\/\/radio-aviva.com\/perpignan\/wp-json\/wp\/v2\/podcast"}],"about":[{"href":"https:\/\/radio-aviva.com\/perpignan\/wp-json\/wp\/v2\/types\/podcast"}],"author":[{"embeddable":true,"href":"https:\/\/radio-aviva.com\/perpignan\/wp-json\/wp\/v2\/users\/329"}],"version-history":[{"count":1,"href":"https:\/\/radio-aviva.com\/perpignan\/wp-json\/wp\/v2\/podcast\/11115\/revisions"}],"predecessor-version":[{"id":11117,"href":"https:\/\/radio-aviva.com\/perpignan\/wp-json\/wp\/v2\/podcast\/11115\/revisions\/11117"}],"wp:featuredmedia":[{"embeddable":true,"href":"https:\/\/radio-aviva.com\/perpignan\/wp-json\/wp\/v2\/media\/11118"}],"wp:attachment":[{"href":"https:\/\/radio-aviva.com\/perpignan\/wp-json\/wp\/v2\/media?parent=11115"}],"wp:term":[{"taxonomy":"post_tag","embeddable":true,"href":"https:\/\/radio-aviva.com\/perpignan\/wp-json\/wp\/v2\/tags?post=11115"},{"taxonomy":"podcastfilter","embeddable":true,"href":"https:\/\/radio-aviva.com\/perpignan\/wp-json\/wp\/v2\/podcastfilter?post=11115"}],"curies":[{"name":"wp","href":"https:\/\/api.w.org\/{rel}","templated":true}]}}

Semaine des rencontres intergénérationnelles &#8211; Jocelyne CAROLLE, Présidente

<p>Dans le cadre de la Semaine des rencontres intergénérationnelles et de la Journée européenne de la solidarité entre les générations le 29 avril : Un ciné-débat se tiendra au Palais des Congrès de Perpignan, dans l&rsquo;après-midi. Partenariat avec Equilibre 66. Le 30 avril : L&rsquo;Espace Jeunesse de Saint-Estève accueillera un après-midi de jeux de société intergénérationnel, réunissant seniors et jeunes. On en parle sur Radio Aviva.</p>
