{"id":11119,"date":"2025-05-02T13:45:43","date_gmt":"2025-05-02T11:45:43","guid":{"rendered":"https:\/\/radio-aviva.com\/perpignan\/?post_type=podcast&#038;p=11119"},"modified":"2025-04-30T12:25:45","modified_gmt":"2025-04-30T10:25:45","slug":"festival-zah-zuh-segolene-alex-directrice-jazzebre","status":"publish","type":"podcast","link":"https:\/\/radio-aviva.com\/perpignan\/podcast\/festival-zah-zuh-segolene-alex-directrice-jazzebre\/","title":{"rendered":"Festival Zah Zuh &#8211; S\u00e9gol\u00e8ne ALEX, Directrice Jazz\u00e8bre"},"content":{"rendered":"<p>Un week-end de musique sous le signe du jeu, de l&rsquo;exploration et de l\u2019\u00e9merveillement, c\u2019est la 4\u00e8me \u00e9dition du\u00a0<em>Zah-Zuh Festival<\/em>. avec Jazz\u00e8bre l Demandez le programme avec S\u00e9gol\u00e8ne Alex, directrice de Jazz\u00e8bre sur Radio AVIVA.<\/p>\n","protected":false},"author":329,"featured_media":11120,"template":"","tags":[],"podcastfilter":[170,209,272,165,127,167,152],"class_list":["post-11119","podcast","type-podcast","status-publish","has-post-thumbnail","hentry","podcastfilter-actions-culturelles","podcastfilter-concert","podcastfilter-culture","podcastfilter-culture-compagnie","podcastfilter-culture-et-compagnie","podcastfilter-festival","podcastfilter-lien-social"],"_links":{"self":[{"href":"https:\/\/radio-aviva.com\/perpignan\/wp-json\/wp\/v2\/podcast\/11119","targetHints":{"allow":["GET"]}}],"collection":[{"href":"https:\/\/radio-aviva.com\/perpignan\/wp-json\/wp\/v2\/podcast"}],"about":[{"href":"https:\/\/radio-aviva.com\/perpignan\/wp-json\/wp\/v2\/types\/podcast"}],"author":[{"embeddable":true,"href":"https:\/\/radio-aviva.com\/perpignan\/wp-json\/wp\/v2\/users\/329"}],"version-history":[{"count":1,"href":"https:\/\/radio-aviva.com\/perpignan\/wp-json\/wp\/v2\/podcast\/11119\/revisions"}],"predecessor-version":[{"id":11121,"href":"https:\/\/radio-aviva.com\/perpignan\/wp-json\/wp\/v2\/podcast\/11119\/revisions\/11121"}],"wp:featuredmedia":[{"embeddable":true,"href":"https:\/\/radio-aviva.com\/perpignan\/wp-json\/wp\/v2\/media\/11120"}],"wp:attachment":[{"href":"https:\/\/radio-aviva.com\/perpignan\/wp-json\/wp\/v2\/media?parent=11119"}],"wp:term":[{"taxonomy":"post_tag","embeddable":true,"href":"https:\/\/radio-aviva.com\/perpignan\/wp-json\/wp\/v2\/tags?post=11119"},{"taxonomy":"podcastfilter","embeddable":true,"href":"https:\/\/radio-aviva.com\/perpignan\/wp-json\/wp\/v2\/podcastfilter?post=11119"}],"curies":[{"name":"wp","href":"https:\/\/api.w.org\/{rel}","templated":true}]}}

Festival Zah Zuh &#8211; Ségolène ALEX, Directrice Jazzèbre

<p>Un week-end de musique sous le signe du jeu, de l&rsquo;exploration et de l’émerveillement, c’est la 4ème édition du <em>Zah-Zuh Festival</em>. avec Jazzèbre l Demandez le programme avec Ségolène Alex, directrice de Jazzèbre sur Radio AVIVA.</p>
