{"id":11124,"date":"2025-05-03T13:45:16","date_gmt":"2025-05-03T11:45:16","guid":{"rendered":"https:\/\/radio-aviva.com\/perpignan\/?post_type=podcast&#038;p=11124"},"modified":"2025-04-30T15:16:00","modified_gmt":"2025-04-30T13:16:00","slug":"festival-confrontation-2eme-journee-dorothee-berthomieu-responsable-communication","status":"publish","type":"podcast","link":"https:\/\/radio-aviva.com\/perpignan\/podcast\/festival-confrontation-2eme-journee-dorothee-berthomieu-responsable-communication\/","title":{"rendered":"Festival Confrontation 2\u00e8me journ\u00e9e &#8211; Doroth\u00e9e BERTHOMIEU, Responsable communication"},"content":{"rendered":"<p>Cin\u00e9 concert, cin\u00e9 balades, ateliers pour les petits, rencontres avec les cin\u00e9astes, acteurs et actrices !! D\u00e9couvrez le coup de c\u0153ur du deuxi\u00e8me jour du Festival Confrontation.<\/p>\n","protected":false},"author":329,"featured_media":10906,"template":"","tags":[],"podcastfilter":[161,128,272,325,186],"class_list":["post-11124","podcast","type-podcast","status-publish","has-post-thumbnail","hentry","podcastfilter-animaux","podcastfilter-cinema","podcastfilter-culture","podcastfilter-films","podcastfilter-pyrenees-orientales-2"],"_links":{"self":[{"href":"https:\/\/radio-aviva.com\/perpignan\/wp-json\/wp\/v2\/podcast\/11124","targetHints":{"allow":["GET"]}}],"collection":[{"href":"https:\/\/radio-aviva.com\/perpignan\/wp-json\/wp\/v2\/podcast"}],"about":[{"href":"https:\/\/radio-aviva.com\/perpignan\/wp-json\/wp\/v2\/types\/podcast"}],"author":[{"embeddable":true,"href":"https:\/\/radio-aviva.com\/perpignan\/wp-json\/wp\/v2\/users\/329"}],"version-history":[{"count":1,"href":"https:\/\/radio-aviva.com\/perpignan\/wp-json\/wp\/v2\/podcast\/11124\/revisions"}],"predecessor-version":[{"id":11125,"href":"https:\/\/radio-aviva.com\/perpignan\/wp-json\/wp\/v2\/podcast\/11124\/revisions\/11125"}],"wp:featuredmedia":[{"embeddable":true,"href":"https:\/\/radio-aviva.com\/perpignan\/wp-json\/wp\/v2\/media\/10906"}],"wp:attachment":[{"href":"https:\/\/radio-aviva.com\/perpignan\/wp-json\/wp\/v2\/media?parent=11124"}],"wp:term":[{"taxonomy":"post_tag","embeddable":true,"href":"https:\/\/radio-aviva.com\/perpignan\/wp-json\/wp\/v2\/tags?post=11124"},{"taxonomy":"podcastfilter","embeddable":true,"href":"https:\/\/radio-aviva.com\/perpignan\/wp-json\/wp\/v2\/podcastfilter?post=11124"}],"curies":[{"name":"wp","href":"https:\/\/api.w.org\/{rel}","templated":true}]}}

Festival Confrontation 2ème journée &#8211; Dorothée BERTHOMIEU, Responsable communication

<p>Ciné concert, ciné balades, ateliers pour les petits, rencontres avec les cinéastes, acteurs et actrices !! Découvrez le coup de cœur du deuxième jour du Festival Confrontation.</p>
