{"id":11126,"date":"2025-05-04T13:45:08","date_gmt":"2025-05-04T11:45:08","guid":{"rendered":"https:\/\/radio-aviva.com\/perpignan\/?post_type=podcast&#038;p=11126"},"modified":"2025-04-30T15:20:11","modified_gmt":"2025-04-30T13:20:11","slug":"festival-confrontation-3eme-journee-dorothee-berthomieu-manon-billaut","status":"publish","type":"podcast","link":"https:\/\/radio-aviva.com\/perpignan\/podcast\/festival-confrontation-3eme-journee-dorothee-berthomieu-manon-billaut\/","title":{"rendered":"Festival Confrontation 3\u00e8me journ\u00e9e &#8211; Doroth\u00e9e BERTHOMIEU, Manon BILLAUT"},"content":{"rendered":"<p>Cin\u00e9 concert, cin\u00e9 balades, ateliers pour les petits, rencontres avec les cin\u00e9astes, acteurs et actrices!! Retrouvez le coup de c\u0153ur du troisi\u00e8me jour du Festival Confrontation.<\/p>\n","protected":false},"author":329,"featured_media":10906,"template":"","tags":[],"podcastfilter":[161,128,272,325,152],"class_list":["post-11126","podcast","type-podcast","status-publish","has-post-thumbnail","hentry","podcastfilter-animaux","podcastfilter-cinema","podcastfilter-culture","podcastfilter-films","podcastfilter-lien-social"],"_links":{"self":[{"href":"https:\/\/radio-aviva.com\/perpignan\/wp-json\/wp\/v2\/podcast\/11126","targetHints":{"allow":["GET"]}}],"collection":[{"href":"https:\/\/radio-aviva.com\/perpignan\/wp-json\/wp\/v2\/podcast"}],"about":[{"href":"https:\/\/radio-aviva.com\/perpignan\/wp-json\/wp\/v2\/types\/podcast"}],"author":[{"embeddable":true,"href":"https:\/\/radio-aviva.com\/perpignan\/wp-json\/wp\/v2\/users\/329"}],"version-history":[{"count":1,"href":"https:\/\/radio-aviva.com\/perpignan\/wp-json\/wp\/v2\/podcast\/11126\/revisions"}],"predecessor-version":[{"id":11127,"href":"https:\/\/radio-aviva.com\/perpignan\/wp-json\/wp\/v2\/podcast\/11126\/revisions\/11127"}],"wp:featuredmedia":[{"embeddable":true,"href":"https:\/\/radio-aviva.com\/perpignan\/wp-json\/wp\/v2\/media\/10906"}],"wp:attachment":[{"href":"https:\/\/radio-aviva.com\/perpignan\/wp-json\/wp\/v2\/media?parent=11126"}],"wp:term":[{"taxonomy":"post_tag","embeddable":true,"href":"https:\/\/radio-aviva.com\/perpignan\/wp-json\/wp\/v2\/tags?post=11126"},{"taxonomy":"podcastfilter","embeddable":true,"href":"https:\/\/radio-aviva.com\/perpignan\/wp-json\/wp\/v2\/podcastfilter?post=11126"}],"curies":[{"name":"wp","href":"https:\/\/api.w.org\/{rel}","templated":true}]}}

Festival Confrontation 3ème journée &#8211; Dorothée BERTHOMIEU, Manon BILLAUT

<p>Ciné concert, ciné balades, ateliers pour les petits, rencontres avec les cinéastes, acteurs et actrices!! Retrouvez le coup de cœur du troisième jour du Festival Confrontation.</p>
