{"id":11128,"date":"2025-05-05T13:45:31","date_gmt":"2025-05-05T11:45:31","guid":{"rendered":"https:\/\/radio-aviva.com\/perpignan\/?post_type=podcast&#038;p=11128"},"modified":"2025-04-30T15:25:33","modified_gmt":"2025-04-30T13:25:33","slug":"festival-confrontation-4eme-journee-dorothee-berthomieu-manon-billaut","status":"publish","type":"podcast","link":"https:\/\/radio-aviva.com\/perpignan\/podcast\/festival-confrontation-4eme-journee-dorothee-berthomieu-manon-billaut\/","title":{"rendered":"Festival Confrontation 4\u00e8me journ\u00e9e &#8211; Doroth\u00e9e BERTHOMIEU, Manon BILLAUT"},"content":{"rendered":"<p>Cin\u00e9 concert, cin\u00e9 balades, ateliers pour les petits, rencontres avec les cin\u00e9astes, acteurs et actrices!! D\u00e9couvrez le coup de c\u0153ur de la 4\u00e8me journ\u00e9e du festival Confrontation.<\/p>\n","protected":false},"author":329,"featured_media":10906,"template":"","tags":[],"podcastfilter":[170,128,272,325,152,186],"class_list":["post-11128","podcast","type-podcast","status-publish","has-post-thumbnail","hentry","podcastfilter-actions-culturelles","podcastfilter-cinema","podcastfilter-culture","podcastfilter-films","podcastfilter-lien-social","podcastfilter-pyrenees-orientales-2"],"_links":{"self":[{"href":"https:\/\/radio-aviva.com\/perpignan\/wp-json\/wp\/v2\/podcast\/11128","targetHints":{"allow":["GET"]}}],"collection":[{"href":"https:\/\/radio-aviva.com\/perpignan\/wp-json\/wp\/v2\/podcast"}],"about":[{"href":"https:\/\/radio-aviva.com\/perpignan\/wp-json\/wp\/v2\/types\/podcast"}],"author":[{"embeddable":true,"href":"https:\/\/radio-aviva.com\/perpignan\/wp-json\/wp\/v2\/users\/329"}],"version-history":[{"count":1,"href":"https:\/\/radio-aviva.com\/perpignan\/wp-json\/wp\/v2\/podcast\/11128\/revisions"}],"predecessor-version":[{"id":11129,"href":"https:\/\/radio-aviva.com\/perpignan\/wp-json\/wp\/v2\/podcast\/11128\/revisions\/11129"}],"wp:featuredmedia":[{"embeddable":true,"href":"https:\/\/radio-aviva.com\/perpignan\/wp-json\/wp\/v2\/media\/10906"}],"wp:attachment":[{"href":"https:\/\/radio-aviva.com\/perpignan\/wp-json\/wp\/v2\/media?parent=11128"}],"wp:term":[{"taxonomy":"post_tag","embeddable":true,"href":"https:\/\/radio-aviva.com\/perpignan\/wp-json\/wp\/v2\/tags?post=11128"},{"taxonomy":"podcastfilter","embeddable":true,"href":"https:\/\/radio-aviva.com\/perpignan\/wp-json\/wp\/v2\/podcastfilter?post=11128"}],"curies":[{"name":"wp","href":"https:\/\/api.w.org\/{rel}","templated":true}]}}

Festival Confrontation 4ème journée &#8211; Dorothée BERTHOMIEU, Manon BILLAUT

<p>Ciné concert, ciné balades, ateliers pour les petits, rencontres avec les cinéastes, acteurs et actrices!! Découvrez le coup de cœur de la 4ème journée du festival Confrontation.</p>
