{"id":11130,"date":"2025-05-06T13:45:07","date_gmt":"2025-05-06T11:45:07","guid":{"rendered":"https:\/\/radio-aviva.com\/perpignan\/?post_type=podcast&#038;p=11130"},"modified":"2025-05-06T15:42:52","modified_gmt":"2025-05-06T13:42:52","slug":"festival-confrontation-5eme-journee-manon-billaut-directrice","status":"publish","type":"podcast","link":"https:\/\/radio-aviva.com\/perpignan\/podcast\/festival-confrontation-5eme-journee-manon-billaut-directrice\/","title":{"rendered":"Festival Confrontation 5\u00e8me journ\u00e9e &#8211; Manon BILLAUT, Directrice"},"content":{"rendered":"<p>Cin\u00e9 concert, cin\u00e9 balades, ateliers pour les petits, rencontres avec les cin\u00e9astes, acteurs et actrices !! D\u00e9couvrez les coups de c\u0153ur du dernier jour du Festival Confrontation.<\/p>\n","protected":false},"author":329,"featured_media":10906,"template":"","tags":[],"podcastfilter":[170,161,128,272,325,152,186],"class_list":["post-11130","podcast","type-podcast","status-publish","has-post-thumbnail","hentry","podcastfilter-actions-culturelles","podcastfilter-animaux","podcastfilter-cinema","podcastfilter-culture","podcastfilter-films","podcastfilter-lien-social","podcastfilter-pyrenees-orientales-2"],"_links":{"self":[{"href":"https:\/\/radio-aviva.com\/perpignan\/wp-json\/wp\/v2\/podcast\/11130","targetHints":{"allow":["GET"]}}],"collection":[{"href":"https:\/\/radio-aviva.com\/perpignan\/wp-json\/wp\/v2\/podcast"}],"about":[{"href":"https:\/\/radio-aviva.com\/perpignan\/wp-json\/wp\/v2\/types\/podcast"}],"author":[{"embeddable":true,"href":"https:\/\/radio-aviva.com\/perpignan\/wp-json\/wp\/v2\/users\/329"}],"version-history":[{"count":1,"href":"https:\/\/radio-aviva.com\/perpignan\/wp-json\/wp\/v2\/podcast\/11130\/revisions"}],"predecessor-version":[{"id":11131,"href":"https:\/\/radio-aviva.com\/perpignan\/wp-json\/wp\/v2\/podcast\/11130\/revisions\/11131"}],"wp:featuredmedia":[{"embeddable":true,"href":"https:\/\/radio-aviva.com\/perpignan\/wp-json\/wp\/v2\/media\/10906"}],"wp:attachment":[{"href":"https:\/\/radio-aviva.com\/perpignan\/wp-json\/wp\/v2\/media?parent=11130"}],"wp:term":[{"taxonomy":"post_tag","embeddable":true,"href":"https:\/\/radio-aviva.com\/perpignan\/wp-json\/wp\/v2\/tags?post=11130"},{"taxonomy":"podcastfilter","embeddable":true,"href":"https:\/\/radio-aviva.com\/perpignan\/wp-json\/wp\/v2\/podcastfilter?post=11130"}],"curies":[{"name":"wp","href":"https:\/\/api.w.org\/{rel}","templated":true}]}}

Festival Confrontation 5ème journée &#8211; Manon BILLAUT, Directrice

<p>Ciné concert, ciné balades, ateliers pour les petits, rencontres avec les cinéastes, acteurs et actrices !! Découvrez les coups de cœur du dernier jour du Festival Confrontation.</p>
