{"id":11135,"date":"2025-05-09T10:00:18","date_gmt":"2025-05-09T08:00:18","guid":{"rendered":"https:\/\/radio-aviva.com\/perpignan\/?post_type=podcast&#038;p=11135"},"modified":"2025-05-06T14:35:55","modified_gmt":"2025-05-06T12:35:55","slug":"ceremonie-de-yom-hashoah-hermeline-malherbe-ludovic-julia-grand-rabbin-bensoussan","status":"publish","type":"podcast","link":"https:\/\/radio-aviva.com\/perpignan\/podcast\/ceremonie-de-yom-hashoah-hermeline-malherbe-ludovic-julia-grand-rabbin-bensoussan\/","title":{"rendered":"C\u00e9r\u00e9monie de Yom Hashoah &#8211; Hermeline MALHERBE, Ludovic JULIA, Grand rabbin BENSOUSSAN"},"content":{"rendered":"<p>Yom Hashoah repr\u00e9sente pour la communaut\u00e9 juive un temps de comm\u00e9moration, pendant 48h les 6 millions de juifs qui ont \u00e9t\u00e9 extermin\u00e9s par le r\u00e9gime nazi lors de la seconde guerre mondiale sont cit\u00e9s un \u00e0 un. Radio Aviva Perpignan s\u2019est rendu \u00e0 la c\u00e9r\u00e9monie le 24 Avril 2025 \u00e0 la synagogue de Perpignan.<\/p>\n","protected":false},"author":329,"featured_media":11136,"template":"","tags":[],"podcastfilter":[228,224,238,175,135,133],"class_list":["post-11135","podcast","type-podcast","status-publish","has-post-thumbnail","hentry","podcastfilter-ceremonie","podcastfilter-commemoration","podcastfilter-hommage","podcastfilter-invite-de-la-redaction","podcastfilter-linvite-de-la-redaction","podcastfilter-memoire"],"_links":{"self":[{"href":"https:\/\/radio-aviva.com\/perpignan\/wp-json\/wp\/v2\/podcast\/11135","targetHints":{"allow":["GET"]}}],"collection":[{"href":"https:\/\/radio-aviva.com\/perpignan\/wp-json\/wp\/v2\/podcast"}],"about":[{"href":"https:\/\/radio-aviva.com\/perpignan\/wp-json\/wp\/v2\/types\/podcast"}],"author":[{"embeddable":true,"href":"https:\/\/radio-aviva.com\/perpignan\/wp-json\/wp\/v2\/users\/329"}],"version-history":[{"count":1,"href":"https:\/\/radio-aviva.com\/perpignan\/wp-json\/wp\/v2\/podcast\/11135\/revisions"}],"predecessor-version":[{"id":11137,"href":"https:\/\/radio-aviva.com\/perpignan\/wp-json\/wp\/v2\/podcast\/11135\/revisions\/11137"}],"wp:featuredmedia":[{"embeddable":true,"href":"https:\/\/radio-aviva.com\/perpignan\/wp-json\/wp\/v2\/media\/11136"}],"wp:attachment":[{"href":"https:\/\/radio-aviva.com\/perpignan\/wp-json\/wp\/v2\/media?parent=11135"}],"wp:term":[{"taxonomy":"post_tag","embeddable":true,"href":"https:\/\/radio-aviva.com\/perpignan\/wp-json\/wp\/v2\/tags?post=11135"},{"taxonomy":"podcastfilter","embeddable":true,"href":"https:\/\/radio-aviva.com\/perpignan\/wp-json\/wp\/v2\/podcastfilter?post=11135"}],"curies":[{"name":"wp","href":"https:\/\/api.w.org\/{rel}","templated":true}]}}

Cérémonie de Yom Hashoah &#8211; Hermeline MALHERBE, Ludovic JULIA, Grand rabbin BENSOUSSAN

<p>Yom Hashoah représente pour la communauté juive un temps de commémoration, pendant 48h les 6 millions de juifs qui ont été exterminés par le régime nazi lors de la seconde guerre mondiale sont cités un à un. Radio Aviva Perpignan s’est rendu à la cérémonie le 24 Avril 2025 à la synagogue de Perpignan.</p>
