{"id":11138,"date":"2025-05-09T13:45:06","date_gmt":"2025-05-09T11:45:06","guid":{"rendered":"https:\/\/radio-aviva.com\/perpignan\/?post_type=podcast&#038;p=11138"},"modified":"2025-05-06T15:13:56","modified_gmt":"2025-05-06T13:13:56","slug":"le-collectif-echo-celine-sine-adherente","status":"publish","type":"podcast","link":"https:\/\/radio-aviva.com\/perpignan\/podcast\/le-collectif-echo-celine-sine-adherente\/","title":{"rendered":"Le collectif Echo &#8211; C\u00e9line SINE, Adh\u00e9rente"},"content":{"rendered":"<p>Face \u00e0 l\u2019urgence climatique, des festivals engag\u00e9s ont exprim\u00e9 leur volont\u00e9 commune d\u2019agir pour une culture plus responsable et durable. Le collectif \u00e9cho est sur Radio AVIVA<\/p>\n","protected":false},"author":329,"featured_media":11139,"template":"","tags":[],"podcastfilter":[190,142,143,314,180,186,226],"class_list":["post-11138","podcast","type-podcast","status-publish","has-post-thumbnail","hentry","podcastfilter-association","podcastfilter-ecologie","podcastfilter-environnement","podcastfilter-la-voix-des-assos","podcastfilter-pyrenees-orientales","podcastfilter-pyrenees-orientales-2","podcastfilter-secheresse"],"_links":{"self":[{"href":"https:\/\/radio-aviva.com\/perpignan\/wp-json\/wp\/v2\/podcast\/11138","targetHints":{"allow":["GET"]}}],"collection":[{"href":"https:\/\/radio-aviva.com\/perpignan\/wp-json\/wp\/v2\/podcast"}],"about":[{"href":"https:\/\/radio-aviva.com\/perpignan\/wp-json\/wp\/v2\/types\/podcast"}],"author":[{"embeddable":true,"href":"https:\/\/radio-aviva.com\/perpignan\/wp-json\/wp\/v2\/users\/329"}],"version-history":[{"count":1,"href":"https:\/\/radio-aviva.com\/perpignan\/wp-json\/wp\/v2\/podcast\/11138\/revisions"}],"predecessor-version":[{"id":11140,"href":"https:\/\/radio-aviva.com\/perpignan\/wp-json\/wp\/v2\/podcast\/11138\/revisions\/11140"}],"wp:featuredmedia":[{"embeddable":true,"href":"https:\/\/radio-aviva.com\/perpignan\/wp-json\/wp\/v2\/media\/11139"}],"wp:attachment":[{"href":"https:\/\/radio-aviva.com\/perpignan\/wp-json\/wp\/v2\/media?parent=11138"}],"wp:term":[{"taxonomy":"post_tag","embeddable":true,"href":"https:\/\/radio-aviva.com\/perpignan\/wp-json\/wp\/v2\/tags?post=11138"},{"taxonomy":"podcastfilter","embeddable":true,"href":"https:\/\/radio-aviva.com\/perpignan\/wp-json\/wp\/v2\/podcastfilter?post=11138"}],"curies":[{"name":"wp","href":"https:\/\/api.w.org\/{rel}","templated":true}]}}

Le collectif Echo &#8211; Céline SINE, Adhérente

<p>Face à l’urgence climatique, des festivals engagés ont exprimé leur volonté commune d’agir pour une culture plus responsable et durable. Le collectif écho est sur Radio AVIVA</p>
