{"id":11147,"date":"2025-05-12T16:06:52","date_gmt":"2025-05-12T14:06:52","guid":{"rendered":"https:\/\/radio-aviva.com\/perpignan\/?post_type=podcast&#038;p=11147"},"modified":"2025-05-12T16:06:52","modified_gmt":"2025-05-12T14:06:52","slug":"tombola-pour-les-enfants-hospitalises-luck-robillard-eleve-en-bts","status":"publish","type":"podcast","link":"https:\/\/radio-aviva.com\/perpignan\/podcast\/tombola-pour-les-enfants-hospitalises-luck-robillard-eleve-en-bts\/","title":{"rendered":"Tombola pour les enfants hospitalis\u00e9s &#8211; Luck ROBILLARD, El\u00e8ve en BTS"},"content":{"rendered":"<p>Luck \u00e9l\u00e8ve en 1\u00e8re ann\u00e9e de BTS a r\u00e9alis\u00e9 une action d&rsquo;une grande g\u00e9n\u00e9rosit\u00e9 : il organis\u00e9 une tombola dans e cadre de son projet d&rsquo;\u00e9tude et avec l&rsquo;argent des tickets il a offert des cadeaux aux enfants hospitalis\u00e9s en service d\u2019oncoh\u00e9matologie et \u00e0 l&rsquo;unit\u00e9 de soins prot\u00e9g\u00e9s de l&rsquo;h\u00f4pital Arnaud de Villeneuve \u00e0 Montpellier, ainsi qu&rsquo;\u00e0 l&rsquo;h\u00f4pital de jour de Perpignan. On en parle avec lui sur Radio Aviva.<\/p>\n","protected":false},"author":329,"featured_media":11148,"template":"","tags":[],"podcastfilter":[256,282,139,137,149],"class_list":["post-11147","podcast","type-podcast","status-publish","has-post-thumbnail","hentry","podcastfilter-caritatif","podcastfilter-enfant","podcastfilter-linvite-de-la-matinale","podcastfilter-lutte-contre-les-discrimination","podcastfilter-solidarite"],"_links":{"self":[{"href":"https:\/\/radio-aviva.com\/perpignan\/wp-json\/wp\/v2\/podcast\/11147","targetHints":{"allow":["GET"]}}],"collection":[{"href":"https:\/\/radio-aviva.com\/perpignan\/wp-json\/wp\/v2\/podcast"}],"about":[{"href":"https:\/\/radio-aviva.com\/perpignan\/wp-json\/wp\/v2\/types\/podcast"}],"author":[{"embeddable":true,"href":"https:\/\/radio-aviva.com\/perpignan\/wp-json\/wp\/v2\/users\/329"}],"version-history":[{"count":1,"href":"https:\/\/radio-aviva.com\/perpignan\/wp-json\/wp\/v2\/podcast\/11147\/revisions"}],"predecessor-version":[{"id":11149,"href":"https:\/\/radio-aviva.com\/perpignan\/wp-json\/wp\/v2\/podcast\/11147\/revisions\/11149"}],"wp:featuredmedia":[{"embeddable":true,"href":"https:\/\/radio-aviva.com\/perpignan\/wp-json\/wp\/v2\/media\/11148"}],"wp:attachment":[{"href":"https:\/\/radio-aviva.com\/perpignan\/wp-json\/wp\/v2\/media?parent=11147"}],"wp:term":[{"taxonomy":"post_tag","embeddable":true,"href":"https:\/\/radio-aviva.com\/perpignan\/wp-json\/wp\/v2\/tags?post=11147"},{"taxonomy":"podcastfilter","embeddable":true,"href":"https:\/\/radio-aviva.com\/perpignan\/wp-json\/wp\/v2\/podcastfilter?post=11147"}],"curies":[{"name":"wp","href":"https:\/\/api.w.org\/{rel}","templated":true}]}}

Tombola pour les enfants hospitalisés &#8211; Luck ROBILLARD, Elève en BTS

<p>Luck élève en 1ère année de BTS a réalisé une action d&rsquo;une grande générosité : il organisé une tombola dans e cadre de son projet d&rsquo;étude et avec l&rsquo;argent des tickets il a offert des cadeaux aux enfants hospitalisés en service d’oncohématologie et à l&rsquo;unité de soins protégés de l&rsquo;hôpital Arnaud de Villeneuve à Montpellier, ainsi qu&rsquo;à l&rsquo;hôpital de jour de Perpignan. On en parle avec lui sur Radio Aviva.</p>
