{"id":11150,"date":"2025-05-14T12:00:19","date_gmt":"2025-05-14T10:00:19","guid":{"rendered":"https:\/\/radio-aviva.com\/perpignan\/?post_type=podcast&#038;p=11150"},"modified":"2025-05-13T10:06:11","modified_gmt":"2025-05-13T08:06:11","slug":"france-travail-job-dating-a-argeles-emmanuelle-et-gaetan","status":"publish","type":"podcast","link":"https:\/\/radio-aviva.com\/perpignan\/podcast\/france-travail-job-dating-a-argeles-emmanuelle-et-gaetan\/","title":{"rendered":"France Travail &#8211; Job dating \u00e0 Argel\u00e8s &#8211; Emmanuelle et Ga\u00ebtan"},"content":{"rendered":"<p>Emmanuelle et Ga\u00ebtan nous parle du Job dating pour les job d\u2019\u00e9t\u00e9 \u00e0 Argel\u00e8s le 22 Mai.<\/p>\n","protected":false},"author":329,"featured_media":9006,"template":"","tags":[],"podcastfilter":[181,299,255,269,308,302],"class_list":["post-11150","podcast","type-podcast","status-publish","has-post-thumbnail","hentry","podcastfilter-emploi","podcastfilter-emploi-formations","podcastfilter-evenement","podcastfilter-formation","podcastfilter-france-travail","podcastfilter-quelques-minutes-pour-lemploi"],"_links":{"self":[{"href":"https:\/\/radio-aviva.com\/perpignan\/wp-json\/wp\/v2\/podcast\/11150","targetHints":{"allow":["GET"]}}],"collection":[{"href":"https:\/\/radio-aviva.com\/perpignan\/wp-json\/wp\/v2\/podcast"}],"about":[{"href":"https:\/\/radio-aviva.com\/perpignan\/wp-json\/wp\/v2\/types\/podcast"}],"author":[{"embeddable":true,"href":"https:\/\/radio-aviva.com\/perpignan\/wp-json\/wp\/v2\/users\/329"}],"version-history":[{"count":1,"href":"https:\/\/radio-aviva.com\/perpignan\/wp-json\/wp\/v2\/podcast\/11150\/revisions"}],"predecessor-version":[{"id":11151,"href":"https:\/\/radio-aviva.com\/perpignan\/wp-json\/wp\/v2\/podcast\/11150\/revisions\/11151"}],"wp:featuredmedia":[{"embeddable":true,"href":"https:\/\/radio-aviva.com\/perpignan\/wp-json\/wp\/v2\/media\/9006"}],"wp:attachment":[{"href":"https:\/\/radio-aviva.com\/perpignan\/wp-json\/wp\/v2\/media?parent=11150"}],"wp:term":[{"taxonomy":"post_tag","embeddable":true,"href":"https:\/\/radio-aviva.com\/perpignan\/wp-json\/wp\/v2\/tags?post=11150"},{"taxonomy":"podcastfilter","embeddable":true,"href":"https:\/\/radio-aviva.com\/perpignan\/wp-json\/wp\/v2\/podcastfilter?post=11150"}],"curies":[{"name":"wp","href":"https:\/\/api.w.org\/{rel}","templated":true}]}}

France Travail &#8211; Job dating à Argelès &#8211; Emmanuelle et Gaëtan

<p>Emmanuelle et Gaëtan nous parle du Job dating pour les job d’été à Argelès le 22 Mai.</p>
