{"id":11160,"date":"2025-05-20T10:00:38","date_gmt":"2025-05-20T08:00:38","guid":{"rendered":"https:\/\/radio-aviva.com\/perpignan\/?post_type=podcast&#038;p=11160"},"modified":"2025-05-19T13:08:47","modified_gmt":"2025-05-19T11:08:47","slug":"un-pas-pour-lavenir-marianne-jimenez-responsable-pedagogique-lucie-rouzier-formatrice","status":"publish","type":"podcast","link":"https:\/\/radio-aviva.com\/perpignan\/podcast\/un-pas-pour-lavenir-marianne-jimenez-responsable-pedagogique-lucie-rouzier-formatrice\/","title":{"rendered":"Un pas pour l&rsquo;avenir &#8211; Marianne JIMENEZ, Responsable p\u00e9dagogique, Lucie ROUZIER, Formatrice"},"content":{"rendered":"<p>Associez votre entreprise \u00e0 \u201cUn Pas pour l\u2019Avenir\u201d. Un \u00e9v\u00e9nement caritatif et engag\u00e9 ! On en parle sur Radio AVIVA<\/p>\n","protected":false},"author":329,"featured_media":11161,"template":"","tags":[],"podcastfilter":[242,256,282,314,149],"class_list":["post-11160","podcast","type-podcast","status-publish","has-post-thumbnail","hentry","podcastfilter-avenir","podcastfilter-caritatif","podcastfilter-enfant","podcastfilter-la-voix-des-assos","podcastfilter-solidarite"],"_links":{"self":[{"href":"https:\/\/radio-aviva.com\/perpignan\/wp-json\/wp\/v2\/podcast\/11160","targetHints":{"allow":["GET"]}}],"collection":[{"href":"https:\/\/radio-aviva.com\/perpignan\/wp-json\/wp\/v2\/podcast"}],"about":[{"href":"https:\/\/radio-aviva.com\/perpignan\/wp-json\/wp\/v2\/types\/podcast"}],"author":[{"embeddable":true,"href":"https:\/\/radio-aviva.com\/perpignan\/wp-json\/wp\/v2\/users\/329"}],"version-history":[{"count":1,"href":"https:\/\/radio-aviva.com\/perpignan\/wp-json\/wp\/v2\/podcast\/11160\/revisions"}],"predecessor-version":[{"id":11162,"href":"https:\/\/radio-aviva.com\/perpignan\/wp-json\/wp\/v2\/podcast\/11160\/revisions\/11162"}],"wp:featuredmedia":[{"embeddable":true,"href":"https:\/\/radio-aviva.com\/perpignan\/wp-json\/wp\/v2\/media\/11161"}],"wp:attachment":[{"href":"https:\/\/radio-aviva.com\/perpignan\/wp-json\/wp\/v2\/media?parent=11160"}],"wp:term":[{"taxonomy":"post_tag","embeddable":true,"href":"https:\/\/radio-aviva.com\/perpignan\/wp-json\/wp\/v2\/tags?post=11160"},{"taxonomy":"podcastfilter","embeddable":true,"href":"https:\/\/radio-aviva.com\/perpignan\/wp-json\/wp\/v2\/podcastfilter?post=11160"}],"curies":[{"name":"wp","href":"https:\/\/api.w.org\/{rel}","templated":true}]}}

Un pas pour l&rsquo;avenir &#8211; Marianne JIMENEZ, Responsable pédagogique, Lucie ROUZIER, Formatrice

<p>Associez votre entreprise à “Un Pas pour l’Avenir”. Un événement caritatif et engagé ! On en parle sur Radio AVIVA</p>
