{"id":11165,"date":"2025-05-21T09:00:12","date_gmt":"2025-05-21T07:00:12","guid":{"rendered":"https:\/\/radio-aviva.com\/perpignan\/?post_type=podcast&#038;p=11165"},"modified":"2025-05-20T13:37:59","modified_gmt":"2025-05-20T11:37:59","slug":"journee-nationale-de-lacces-au-droit-emilie-monique-camus-coordonnatrice-du-conseil-departemental-de-lacces-au-droit-des-p-o","status":"publish","type":"podcast","link":"https:\/\/radio-aviva.com\/perpignan\/podcast\/journee-nationale-de-lacces-au-droit-emilie-monique-camus-coordonnatrice-du-conseil-departemental-de-lacces-au-droit-des-p-o\/","title":{"rendered":"Journ\u00e9e nationale de l&rsquo;acc\u00e8s au droit &#8211; Emilie Monique CAMUS, Coordonnatrice du Conseil D\u00e9partemental de l&rsquo;Acc\u00e8s au Droit des P-O"},"content":{"rendered":"<p>Vous avez besoin de conseil ou de tout simplement savoir quels sont vos droits ? Alors rendez vous le 23 Mai au centre commercial Carrefour Claira Salanca pour la journ\u00e9e nationale de l&rsquo;acc\u00e8s au droit.<\/p>\n","protected":false},"author":329,"featured_media":11166,"template":"","tags":[],"podcastfilter":[255,175,135,122,180,186],"class_list":["post-11165","podcast","type-podcast","status-publish","has-post-thumbnail","hentry","podcastfilter-evenement","podcastfilter-invite-de-la-redaction","podcastfilter-linvite-de-la-redaction","podcastfilter-libre-echange","podcastfilter-pyrenees-orientales","podcastfilter-pyrenees-orientales-2"],"_links":{"self":[{"href":"https:\/\/radio-aviva.com\/perpignan\/wp-json\/wp\/v2\/podcast\/11165","targetHints":{"allow":["GET"]}}],"collection":[{"href":"https:\/\/radio-aviva.com\/perpignan\/wp-json\/wp\/v2\/podcast"}],"about":[{"href":"https:\/\/radio-aviva.com\/perpignan\/wp-json\/wp\/v2\/types\/podcast"}],"author":[{"embeddable":true,"href":"https:\/\/radio-aviva.com\/perpignan\/wp-json\/wp\/v2\/users\/329"}],"version-history":[{"count":1,"href":"https:\/\/radio-aviva.com\/perpignan\/wp-json\/wp\/v2\/podcast\/11165\/revisions"}],"predecessor-version":[{"id":11167,"href":"https:\/\/radio-aviva.com\/perpignan\/wp-json\/wp\/v2\/podcast\/11165\/revisions\/11167"}],"wp:featuredmedia":[{"embeddable":true,"href":"https:\/\/radio-aviva.com\/perpignan\/wp-json\/wp\/v2\/media\/11166"}],"wp:attachment":[{"href":"https:\/\/radio-aviva.com\/perpignan\/wp-json\/wp\/v2\/media?parent=11165"}],"wp:term":[{"taxonomy":"post_tag","embeddable":true,"href":"https:\/\/radio-aviva.com\/perpignan\/wp-json\/wp\/v2\/tags?post=11165"},{"taxonomy":"podcastfilter","embeddable":true,"href":"https:\/\/radio-aviva.com\/perpignan\/wp-json\/wp\/v2\/podcastfilter?post=11165"}],"curies":[{"name":"wp","href":"https:\/\/api.w.org\/{rel}","templated":true}]}}

Journée nationale de l&rsquo;accès au droit &#8211; Emilie Monique CAMUS, Coordonnatrice du Conseil Départemental de l&rsquo;Accès au Droit des P-O

<p>Vous avez besoin de conseil ou de tout simplement savoir quels sont vos droits ? Alors rendez vous le 23 Mai au centre commercial Carrefour Claira Salanca pour la journée nationale de l&rsquo;accès au droit.</p>
