{"id":11168,"date":"2025-05-21T13:45:50","date_gmt":"2025-05-21T11:45:50","guid":{"rendered":"https:\/\/radio-aviva.com\/perpignan\/?post_type=podcast&#038;p=11168"},"modified":"2025-05-20T13:41:52","modified_gmt":"2025-05-20T11:41:52","slug":"le-festival-dart-urbain-urbart-aurelie-charles-doriane-coll","status":"publish","type":"podcast","link":"https:\/\/radio-aviva.com\/perpignan\/podcast\/le-festival-dart-urbain-urbart-aurelie-charles-doriane-coll\/","title":{"rendered":"Le Festival d&rsquo;Art urbain Urb&rsquo;Art &#8211; Aur\u00e9lie CHARLES, Doriane COLL"},"content":{"rendered":"<p>Quand la f\u00eate se mobilise pour la solidarit\u00e9 alimentaire, c\u2019est le festival d\u2019art urbain d\u2019Argeles sur Mer et on en parle \u00e9videment sur Radio AVIVA.<\/p>\n","protected":false},"author":329,"featured_media":11169,"template":"","tags":[],"podcastfilter":[170,86,168,272,165,127,316],"class_list":["post-11168","podcast","type-podcast","status-publish","has-post-thumbnail","hentry","podcastfilter-actions-culturelles","podcastfilter-art","podcastfilter-artiste","podcastfilter-culture","podcastfilter-culture-compagnie","podcastfilter-culture-et-compagnie","podcastfilter-jeune"],"_links":{"self":[{"href":"https:\/\/radio-aviva.com\/perpignan\/wp-json\/wp\/v2\/podcast\/11168","targetHints":{"allow":["GET"]}}],"collection":[{"href":"https:\/\/radio-aviva.com\/perpignan\/wp-json\/wp\/v2\/podcast"}],"about":[{"href":"https:\/\/radio-aviva.com\/perpignan\/wp-json\/wp\/v2\/types\/podcast"}],"author":[{"embeddable":true,"href":"https:\/\/radio-aviva.com\/perpignan\/wp-json\/wp\/v2\/users\/329"}],"version-history":[{"count":1,"href":"https:\/\/radio-aviva.com\/perpignan\/wp-json\/wp\/v2\/podcast\/11168\/revisions"}],"predecessor-version":[{"id":11170,"href":"https:\/\/radio-aviva.com\/perpignan\/wp-json\/wp\/v2\/podcast\/11168\/revisions\/11170"}],"wp:featuredmedia":[{"embeddable":true,"href":"https:\/\/radio-aviva.com\/perpignan\/wp-json\/wp\/v2\/media\/11169"}],"wp:attachment":[{"href":"https:\/\/radio-aviva.com\/perpignan\/wp-json\/wp\/v2\/media?parent=11168"}],"wp:term":[{"taxonomy":"post_tag","embeddable":true,"href":"https:\/\/radio-aviva.com\/perpignan\/wp-json\/wp\/v2\/tags?post=11168"},{"taxonomy":"podcastfilter","embeddable":true,"href":"https:\/\/radio-aviva.com\/perpignan\/wp-json\/wp\/v2\/podcastfilter?post=11168"}],"curies":[{"name":"wp","href":"https:\/\/api.w.org\/{rel}","templated":true}]}}

Le Festival d&rsquo;Art urbain Urb&rsquo;Art &#8211; Aurélie CHARLES, Doriane COLL

<p>Quand la fête se mobilise pour la solidarité alimentaire, c’est le festival d’art urbain d’Argeles sur Mer et on en parle évidement sur Radio AVIVA.</p>
