{"id":11171,"date":"2025-05-21T10:30:28","date_gmt":"2025-05-21T08:30:28","guid":{"rendered":"https:\/\/radio-aviva.com\/perpignan\/?post_type=podcast&#038;p=11171"},"modified":"2025-05-20T13:47:16","modified_gmt":"2025-05-20T11:47:16","slug":"le-theatre-troupuscule-mariana-lezin-directrice","status":"publish","type":"podcast","link":"https:\/\/radio-aviva.com\/perpignan\/podcast\/le-theatre-troupuscule-mariana-lezin-directrice\/","title":{"rendered":"Le Th\u00e9\u00e2tre Troupuscule &#8211; Mariana LEZIN, Directrice"},"content":{"rendered":"<p>Troupuscule pr\u00e9sente un th\u00e9\u00e2tre contemporain dont le fil conducteur puise ses fondamentaux au c\u0153ur des th\u00e9matiques soci\u00e9tales les plus fortes.<\/p>\n","protected":false},"author":329,"featured_media":11172,"template":"","tags":[],"podcastfilter":[170,150,152,131],"class_list":["post-11171","podcast","type-podcast","status-publish","has-post-thumbnail","hentry","podcastfilter-actions-culturelles","podcastfilter-entracte","podcastfilter-lien-social","podcastfilter-theatre"],"_links":{"self":[{"href":"https:\/\/radio-aviva.com\/perpignan\/wp-json\/wp\/v2\/podcast\/11171","targetHints":{"allow":["GET"]}}],"collection":[{"href":"https:\/\/radio-aviva.com\/perpignan\/wp-json\/wp\/v2\/podcast"}],"about":[{"href":"https:\/\/radio-aviva.com\/perpignan\/wp-json\/wp\/v2\/types\/podcast"}],"author":[{"embeddable":true,"href":"https:\/\/radio-aviva.com\/perpignan\/wp-json\/wp\/v2\/users\/329"}],"version-history":[{"count":1,"href":"https:\/\/radio-aviva.com\/perpignan\/wp-json\/wp\/v2\/podcast\/11171\/revisions"}],"predecessor-version":[{"id":11173,"href":"https:\/\/radio-aviva.com\/perpignan\/wp-json\/wp\/v2\/podcast\/11171\/revisions\/11173"}],"wp:featuredmedia":[{"embeddable":true,"href":"https:\/\/radio-aviva.com\/perpignan\/wp-json\/wp\/v2\/media\/11172"}],"wp:attachment":[{"href":"https:\/\/radio-aviva.com\/perpignan\/wp-json\/wp\/v2\/media?parent=11171"}],"wp:term":[{"taxonomy":"post_tag","embeddable":true,"href":"https:\/\/radio-aviva.com\/perpignan\/wp-json\/wp\/v2\/tags?post=11171"},{"taxonomy":"podcastfilter","embeddable":true,"href":"https:\/\/radio-aviva.com\/perpignan\/wp-json\/wp\/v2\/podcastfilter?post=11171"}],"curies":[{"name":"wp","href":"https:\/\/api.w.org\/{rel}","templated":true}]}}

Le Théâtre Troupuscule &#8211; Mariana LEZIN, Directrice

<p>Troupuscule présente un théâtre contemporain dont le fil conducteur puise ses fondamentaux au cœur des thématiques sociétales les plus fortes.</p>
