{"id":11181,"date":"2025-05-22T13:45:17","date_gmt":"2025-05-22T11:45:17","guid":{"rendered":"https:\/\/radio-aviva.com\/perpignan\/?post_type=podcast&#038;p=11181"},"modified":"2025-05-22T15:16:18","modified_gmt":"2025-05-22T13:16:18","slug":"le-festival-nostre-mar-clara-diaman-berger-coordinatrice-du-festival","status":"publish","type":"podcast","link":"https:\/\/radio-aviva.com\/perpignan\/podcast\/le-festival-nostre-mar-clara-diaman-berger-coordinatrice-du-festival\/","title":{"rendered":"Le festival Nostre Mar &#8211; Clara DIAMANT BERGER, Coordinatrice du festival"},"content":{"rendered":"<p>Expositions, conf\u00e9rences et projections sont au rendez vous avec le festival Nostre Mar et on en parle sur Radio Aviva pour la 4\u00e8me \u00e9dition.<\/p>\n","protected":false},"author":329,"featured_media":11182,"template":"","tags":[],"podcastfilter":[170,208,272,165,127,134,167,273],"class_list":["post-11181","podcast","type-podcast","status-publish","has-post-thumbnail","hentry","podcastfilter-actions-culturelles","podcastfilter-conference","podcastfilter-culture","podcastfilter-culture-compagnie","podcastfilter-culture-et-compagnie","podcastfilter-exposition","podcastfilter-festival","podcastfilter-interreligieux"],"_links":{"self":[{"href":"https:\/\/radio-aviva.com\/perpignan\/wp-json\/wp\/v2\/podcast\/11181","targetHints":{"allow":["GET"]}}],"collection":[{"href":"https:\/\/radio-aviva.com\/perpignan\/wp-json\/wp\/v2\/podcast"}],"about":[{"href":"https:\/\/radio-aviva.com\/perpignan\/wp-json\/wp\/v2\/types\/podcast"}],"author":[{"embeddable":true,"href":"https:\/\/radio-aviva.com\/perpignan\/wp-json\/wp\/v2\/users\/329"}],"version-history":[{"count":2,"href":"https:\/\/radio-aviva.com\/perpignan\/wp-json\/wp\/v2\/podcast\/11181\/revisions"}],"predecessor-version":[{"id":11195,"href":"https:\/\/radio-aviva.com\/perpignan\/wp-json\/wp\/v2\/podcast\/11181\/revisions\/11195"}],"wp:featuredmedia":[{"embeddable":true,"href":"https:\/\/radio-aviva.com\/perpignan\/wp-json\/wp\/v2\/media\/11182"}],"wp:attachment":[{"href":"https:\/\/radio-aviva.com\/perpignan\/wp-json\/wp\/v2\/media?parent=11181"}],"wp:term":[{"taxonomy":"post_tag","embeddable":true,"href":"https:\/\/radio-aviva.com\/perpignan\/wp-json\/wp\/v2\/tags?post=11181"},{"taxonomy":"podcastfilter","embeddable":true,"href":"https:\/\/radio-aviva.com\/perpignan\/wp-json\/wp\/v2\/podcastfilter?post=11181"}],"curies":[{"name":"wp","href":"https:\/\/api.w.org\/{rel}","templated":true}]}}

<p>Expositions, conférences et projections sont au rendez vous avec le festival Nostre Mar et on en parle sur Radio Aviva pour la 4ème édition.</p>
