{"id":11184,"date":"2025-05-22T09:57:40","date_gmt":"2025-05-22T07:57:40","guid":{"rendered":"https:\/\/radio-aviva.com\/perpignan\/?post_type=podcast&#038;p=11184"},"modified":"2025-05-22T09:57:40","modified_gmt":"2025-05-22T07:57:40","slug":"journee-dexpression-collegienne-et-lyceenne-par-la-radio-scolaire","status":"publish","type":"podcast","link":"https:\/\/radio-aviva.com\/perpignan\/podcast\/journee-dexpression-collegienne-et-lyceenne-par-la-radio-scolaire\/","title":{"rendered":"Journ\u00e9e d&rsquo;Expression Coll\u00e9gienne et Lyc\u00e9enne par la radio Scolaire"},"content":{"rendered":"<p>Dans cette \u00e9mission Radio Aviva s&rsquo;est rendue \u00e0 l&rsquo;atelier Canop\u00e9 66 \u00e0 l&rsquo;occasion de la Journ\u00e9e d&rsquo;Expression Coll\u00e9gienne et Lyc\u00e9enne par la radio Scolaire.<\/p>\n","protected":false},"author":329,"featured_media":0,"template":"","tags":[],"podcastfilter":[],"class_list":["post-11184","podcast","type-podcast","status-publish","hentry"],"_links":{"self":[{"href":"https:\/\/radio-aviva.com\/perpignan\/wp-json\/wp\/v2\/podcast\/11184","targetHints":{"allow":["GET"]}}],"collection":[{"href":"https:\/\/radio-aviva.com\/perpignan\/wp-json\/wp\/v2\/podcast"}],"about":[{"href":"https:\/\/radio-aviva.com\/perpignan\/wp-json\/wp\/v2\/types\/podcast"}],"author":[{"embeddable":true,"href":"https:\/\/radio-aviva.com\/perpignan\/wp-json\/wp\/v2\/users\/329"}],"version-history":[{"count":1,"href":"https:\/\/radio-aviva.com\/perpignan\/wp-json\/wp\/v2\/podcast\/11184\/revisions"}],"predecessor-version":[{"id":11185,"href":"https:\/\/radio-aviva.com\/perpignan\/wp-json\/wp\/v2\/podcast\/11184\/revisions\/11185"}],"wp:attachment":[{"href":"https:\/\/radio-aviva.com\/perpignan\/wp-json\/wp\/v2\/media?parent=11184"}],"wp:term":[{"taxonomy":"post_tag","embeddable":true,"href":"https:\/\/radio-aviva.com\/perpignan\/wp-json\/wp\/v2\/tags?post=11184"},{"taxonomy":"podcastfilter","embeddable":true,"href":"https:\/\/radio-aviva.com\/perpignan\/wp-json\/wp\/v2\/podcastfilter?post=11184"}],"curies":[{"name":"wp","href":"https:\/\/api.w.org\/{rel}","templated":true}]}}

Journée d&rsquo;Expression Collégienne et Lycéenne par la radio Scolaire

<p>Dans cette émission Radio Aviva s&rsquo;est rendue à l&rsquo;atelier Canopé 66 à l&rsquo;occasion de la Journée d&rsquo;Expression Collégienne et Lycéenne par la radio Scolaire.</p>
