{"id":11186,"date":"2025-05-23T13:45:04","date_gmt":"2025-05-23T11:45:04","guid":{"rendered":"https:\/\/radio-aviva.com\/perpignan\/?post_type=podcast&#038;p=11186"},"modified":"2025-05-22T12:55:50","modified_gmt":"2025-05-22T10:55:50","slug":"les-mediateurs-scientifiques-david-angelats-responsable-communication","status":"publish","type":"podcast","link":"https:\/\/radio-aviva.com\/perpignan\/podcast\/les-mediateurs-scientifiques-david-angelats-responsable-communication\/","title":{"rendered":"Les M\u00e9diateurs scientifiques &#8211; David ANGELATS, Responsable communication"},"content":{"rendered":"<p>Depuis l\u2019ouverture du Mus\u00e9e de Pr\u00e9histoire de Tautavel en 1992, la m\u00e9diation scientifique fait partie des offres propos\u00e9es aux publics scolaires, familiaux ou en individuel. Cette forme d\u2019activit\u00e9 regroupe diverses pratiques visant \u00e0 mettre en relation le public, avec des savoirs scientifiques et techniques li\u00e9s \u00e0 la sp\u00e9cificit\u00e9 de l\u2019\u00e9tablissement, la pr\u00e9histoire. On en parle sur Radio Aviva.<\/p>\n","protected":false},"author":329,"featured_media":11187,"template":"","tags":[],"podcastfilter":[219,175,135,227],"class_list":["post-11186","podcast","type-podcast","status-publish","has-post-thumbnail","hentry","podcastfilter-apprentissage","podcastfilter-invite-de-la-redaction","podcastfilter-linvite-de-la-redaction","podcastfilter-sciences"],"_links":{"self":[{"href":"https:\/\/radio-aviva.com\/perpignan\/wp-json\/wp\/v2\/podcast\/11186","targetHints":{"allow":["GET"]}}],"collection":[{"href":"https:\/\/radio-aviva.com\/perpignan\/wp-json\/wp\/v2\/podcast"}],"about":[{"href":"https:\/\/radio-aviva.com\/perpignan\/wp-json\/wp\/v2\/types\/podcast"}],"author":[{"embeddable":true,"href":"https:\/\/radio-aviva.com\/perpignan\/wp-json\/wp\/v2\/users\/329"}],"version-history":[{"count":1,"href":"https:\/\/radio-aviva.com\/perpignan\/wp-json\/wp\/v2\/podcast\/11186\/revisions"}],"predecessor-version":[{"id":11188,"href":"https:\/\/radio-aviva.com\/perpignan\/wp-json\/wp\/v2\/podcast\/11186\/revisions\/11188"}],"wp:featuredmedia":[{"embeddable":true,"href":"https:\/\/radio-aviva.com\/perpignan\/wp-json\/wp\/v2\/media\/11187"}],"wp:attachment":[{"href":"https:\/\/radio-aviva.com\/perpignan\/wp-json\/wp\/v2\/media?parent=11186"}],"wp:term":[{"taxonomy":"post_tag","embeddable":true,"href":"https:\/\/radio-aviva.com\/perpignan\/wp-json\/wp\/v2\/tags?post=11186"},{"taxonomy":"podcastfilter","embeddable":true,"href":"https:\/\/radio-aviva.com\/perpignan\/wp-json\/wp\/v2\/podcastfilter?post=11186"}],"curies":[{"name":"wp","href":"https:\/\/api.w.org\/{rel}","templated":true}]}}

Les Médiateurs scientifiques &#8211; David ANGELATS, Responsable communication

<p>Depuis l’ouverture du Musée de Préhistoire de Tautavel en 1992, la médiation scientifique fait partie des offres proposées aux publics scolaires, familiaux ou en individuel. Cette forme d’activité regroupe diverses pratiques visant à mettre en relation le public, avec des savoirs scientifiques et techniques liés à la spécificité de l’établissement, la préhistoire. On en parle sur Radio Aviva.</p>
