{"id":11201,"date":"2025-05-27T10:00:56","date_gmt":"2025-05-27T08:00:56","guid":{"rendered":"https:\/\/radio-aviva.com\/perpignan\/?post_type=podcast&#038;p=11201"},"modified":"2025-05-26T09:59:40","modified_gmt":"2025-05-26T07:59:40","slug":"peppacorp-matthieu-ouvrard-benoit-gonon-co-fondateurs-de-peppacorp","status":"publish","type":"podcast","link":"https:\/\/radio-aviva.com\/perpignan\/podcast\/peppacorp-matthieu-ouvrard-benoit-gonon-co-fondateurs-de-peppacorp\/","title":{"rendered":"PEPPACORP &#8211; Matthieu OUVRARD, Benoit GONON, Co fondateurs de PeppaCorp"},"content":{"rendered":"<p>PeppaCorp d\u00e9veloppe une plateforme web qui aide les porteurs de projet \u00e0 identifier des appels \u00e0 projets et des aides financi\u00e8res adapt\u00e9es \u00e0 leurs besoins.<\/p>\n","protected":false},"author":329,"featured_media":11202,"template":"","tags":[],"podcastfilter":[164,323,109,277,275],"class_list":["post-11201","podcast","type-podcast","status-publish","has-post-thumbnail","hentry","podcastfilter-economie","podcastfilter-leco-en-deux-mots-2","podcastfilter-perpignan","podcastfilter-start-up","podcastfilter-technologie"],"_links":{"self":[{"href":"https:\/\/radio-aviva.com\/perpignan\/wp-json\/wp\/v2\/podcast\/11201","targetHints":{"allow":["GET"]}}],"collection":[{"href":"https:\/\/radio-aviva.com\/perpignan\/wp-json\/wp\/v2\/podcast"}],"about":[{"href":"https:\/\/radio-aviva.com\/perpignan\/wp-json\/wp\/v2\/types\/podcast"}],"author":[{"embeddable":true,"href":"https:\/\/radio-aviva.com\/perpignan\/wp-json\/wp\/v2\/users\/329"}],"version-history":[{"count":1,"href":"https:\/\/radio-aviva.com\/perpignan\/wp-json\/wp\/v2\/podcast\/11201\/revisions"}],"predecessor-version":[{"id":11203,"href":"https:\/\/radio-aviva.com\/perpignan\/wp-json\/wp\/v2\/podcast\/11201\/revisions\/11203"}],"wp:featuredmedia":[{"embeddable":true,"href":"https:\/\/radio-aviva.com\/perpignan\/wp-json\/wp\/v2\/media\/11202"}],"wp:attachment":[{"href":"https:\/\/radio-aviva.com\/perpignan\/wp-json\/wp\/v2\/media?parent=11201"}],"wp:term":[{"taxonomy":"post_tag","embeddable":true,"href":"https:\/\/radio-aviva.com\/perpignan\/wp-json\/wp\/v2\/tags?post=11201"},{"taxonomy":"podcastfilter","embeddable":true,"href":"https:\/\/radio-aviva.com\/perpignan\/wp-json\/wp\/v2\/podcastfilter?post=11201"}],"curies":[{"name":"wp","href":"https:\/\/api.w.org\/{rel}","templated":true}]}}

<p>PeppaCorp développe une plateforme web qui aide les porteurs de projet à identifier des appels à projets et des aides financières adaptées à leurs besoins.</p>
