{"id":11206,"date":"2025-05-27T13:45:33","date_gmt":"2025-05-27T11:45:33","guid":{"rendered":"https:\/\/radio-aviva.com\/perpignan\/?post_type=podcast&#038;p=11206"},"modified":"2025-05-26T14:35:48","modified_gmt":"2025-05-26T12:35:48","slug":"ferme-en-fete-corine-parassols-presidente-du-reseau-bienvenue-a-la-ferme","status":"publish","type":"podcast","link":"https:\/\/radio-aviva.com\/perpignan\/podcast\/ferme-en-fete-corine-parassols-presidente-du-reseau-bienvenue-a-la-ferme\/","title":{"rendered":"Ferme en f\u00eate &#8211; Corine PARASSOLS, Pr\u00e9sidente du R\u00e9seau Bienvenue \u00e0 la ferme"},"content":{"rendered":"<p>Les 7 et 8 Juin prochains nos agriculteurs adh\u00e9rents ouvrent les portes de leurs exploitations. Cette ann\u00e9e, ce sont 20 fermes du d\u00e9partement qui accueilleront les visiteurs en qu\u00eate du 100% Fermier. C\u2019est Fermes en F\u00eate et on ouvre les portes sur Radio AVIVA.<\/p>\n<p>&nbsp;<\/p>\n","protected":false},"author":329,"featured_media":11207,"template":"","tags":[],"podcastfilter":[161,142,143,135,151,186],"class_list":["post-11206","podcast","type-podcast","status-publish","has-post-thumbnail","hentry","podcastfilter-animaux","podcastfilter-ecologie","podcastfilter-environnement","podcastfilter-linvite-de-la-redaction","podcastfilter-patrimoine","podcastfilter-pyrenees-orientales-2"],"_links":{"self":[{"href":"https:\/\/radio-aviva.com\/perpignan\/wp-json\/wp\/v2\/podcast\/11206","targetHints":{"allow":["GET"]}}],"collection":[{"href":"https:\/\/radio-aviva.com\/perpignan\/wp-json\/wp\/v2\/podcast"}],"about":[{"href":"https:\/\/radio-aviva.com\/perpignan\/wp-json\/wp\/v2\/types\/podcast"}],"author":[{"embeddable":true,"href":"https:\/\/radio-aviva.com\/perpignan\/wp-json\/wp\/v2\/users\/329"}],"version-history":[{"count":1,"href":"https:\/\/radio-aviva.com\/perpignan\/wp-json\/wp\/v2\/podcast\/11206\/revisions"}],"predecessor-version":[{"id":11208,"href":"https:\/\/radio-aviva.com\/perpignan\/wp-json\/wp\/v2\/podcast\/11206\/revisions\/11208"}],"wp:featuredmedia":[{"embeddable":true,"href":"https:\/\/radio-aviva.com\/perpignan\/wp-json\/wp\/v2\/media\/11207"}],"wp:attachment":[{"href":"https:\/\/radio-aviva.com\/perpignan\/wp-json\/wp\/v2\/media?parent=11206"}],"wp:term":[{"taxonomy":"post_tag","embeddable":true,"href":"https:\/\/radio-aviva.com\/perpignan\/wp-json\/wp\/v2\/tags?post=11206"},{"taxonomy":"podcastfilter","embeddable":true,"href":"https:\/\/radio-aviva.com\/perpignan\/wp-json\/wp\/v2\/podcastfilter?post=11206"}],"curies":[{"name":"wp","href":"https:\/\/api.w.org\/{rel}","templated":true}]}}

Ferme en fête &#8211; Corine PARASSOLS, Présidente du Réseau Bienvenue à la ferme

<p>Les 7 et 8 Juin prochains nos agriculteurs adhérents ouvrent les portes de leurs exploitations. Cette année, ce sont 20 fermes du département qui accueilleront les visiteurs en quête du 100% Fermier. C’est Fermes en Fête et on ouvre les portes sur Radio AVIVA.</p>
<p>&nbsp;</p>
