{"id":11226,"date":"2025-06-04T15:14:11","date_gmt":"2025-06-04T13:14:11","guid":{"rendered":"https:\/\/radio-aviva.com\/perpignan\/?post_type=podcast&#038;p=11226"},"modified":"2025-06-04T15:14:11","modified_gmt":"2025-06-04T13:14:11","slug":"ida-y-vuelta-rebecca-bouillou-directrice-de-la-casa-musicale-emma-espelt-responsable-activite","status":"publish","type":"podcast","link":"https:\/\/radio-aviva.com\/perpignan\/podcast\/ida-y-vuelta-rebecca-bouillou-directrice-de-la-casa-musicale-emma-espelt-responsable-activite\/","title":{"rendered":"IDA Y VUELTA &#8211; R\u00e9becca BOUILLOU, Directrice de la Casa Musicale, Emma ESPELT, Responsable activit\u00e9"},"content":{"rendered":"<p>Le festival l\u00e9gendaire de la Casa Musicale revient les 6, 7 et 8 juin avec sa 27\u00e8me \u00e9dition encore plus tropico-fleurissante que jamais !<\/p>\n","protected":false},"author":329,"featured_media":11227,"template":"","tags":[],"podcastfilter":[170,168,209,272,150,255,167],"class_list":["post-11226","podcast","type-podcast","status-publish","has-post-thumbnail","hentry","podcastfilter-actions-culturelles","podcastfilter-artiste","podcastfilter-concert","podcastfilter-culture","podcastfilter-entracte","podcastfilter-evenement","podcastfilter-festival"],"_links":{"self":[{"href":"https:\/\/radio-aviva.com\/perpignan\/wp-json\/wp\/v2\/podcast\/11226","targetHints":{"allow":["GET"]}}],"collection":[{"href":"https:\/\/radio-aviva.com\/perpignan\/wp-json\/wp\/v2\/podcast"}],"about":[{"href":"https:\/\/radio-aviva.com\/perpignan\/wp-json\/wp\/v2\/types\/podcast"}],"author":[{"embeddable":true,"href":"https:\/\/radio-aviva.com\/perpignan\/wp-json\/wp\/v2\/users\/329"}],"version-history":[{"count":1,"href":"https:\/\/radio-aviva.com\/perpignan\/wp-json\/wp\/v2\/podcast\/11226\/revisions"}],"predecessor-version":[{"id":11228,"href":"https:\/\/radio-aviva.com\/perpignan\/wp-json\/wp\/v2\/podcast\/11226\/revisions\/11228"}],"wp:featuredmedia":[{"embeddable":true,"href":"https:\/\/radio-aviva.com\/perpignan\/wp-json\/wp\/v2\/media\/11227"}],"wp:attachment":[{"href":"https:\/\/radio-aviva.com\/perpignan\/wp-json\/wp\/v2\/media?parent=11226"}],"wp:term":[{"taxonomy":"post_tag","embeddable":true,"href":"https:\/\/radio-aviva.com\/perpignan\/wp-json\/wp\/v2\/tags?post=11226"},{"taxonomy":"podcastfilter","embeddable":true,"href":"https:\/\/radio-aviva.com\/perpignan\/wp-json\/wp\/v2\/podcastfilter?post=11226"}],"curies":[{"name":"wp","href":"https:\/\/api.w.org\/{rel}","templated":true}]}}

IDA Y VUELTA &#8211; Rébecca BOUILLOU, Directrice de la Casa Musicale, Emma ESPELT, Responsable activité

<p>Le festival légendaire de la Casa Musicale revient les 6, 7 et 8 juin avec sa 27ème édition encore plus tropico-fleurissante que jamais !</p>
