{"id":11229,"date":"2025-06-05T09:54:59","date_gmt":"2025-06-05T07:54:59","guid":{"rendered":"https:\/\/radio-aviva.com\/perpignan\/?post_type=podcast&#038;p=11229"},"modified":"2025-06-05T09:54:59","modified_gmt":"2025-06-05T07:54:59","slug":"festival-voix-de-femme-sophie-batlle-benevole","status":"publish","type":"podcast","link":"https:\/\/radio-aviva.com\/perpignan\/podcast\/festival-voix-de-femme-sophie-batlle-benevole\/","title":{"rendered":"FESTIVAL VOIX DE FEMME &#8211;  Sophie BATLLE, b\u00e9n\u00e9vole"},"content":{"rendered":"<p>Cette ann\u00e9e encore le festival Voix de Femmes \u00e0 Maury nous r\u00e9serve une belle programmation pour les 13 et 14 juin. On se d\u00e9lecte sur Radio Aviva<\/p>\n","protected":false},"author":329,"featured_media":11230,"template":"","tags":[],"podcastfilter":[168,190,261,167],"class_list":["post-11229","podcast","type-podcast","status-publish","has-post-thumbnail","hentry","podcastfilter-artiste","podcastfilter-association","podcastfilter-femmes","podcastfilter-festival"],"_links":{"self":[{"href":"https:\/\/radio-aviva.com\/perpignan\/wp-json\/wp\/v2\/podcast\/11229","targetHints":{"allow":["GET"]}}],"collection":[{"href":"https:\/\/radio-aviva.com\/perpignan\/wp-json\/wp\/v2\/podcast"}],"about":[{"href":"https:\/\/radio-aviva.com\/perpignan\/wp-json\/wp\/v2\/types\/podcast"}],"author":[{"embeddable":true,"href":"https:\/\/radio-aviva.com\/perpignan\/wp-json\/wp\/v2\/users\/329"}],"version-history":[{"count":1,"href":"https:\/\/radio-aviva.com\/perpignan\/wp-json\/wp\/v2\/podcast\/11229\/revisions"}],"predecessor-version":[{"id":11231,"href":"https:\/\/radio-aviva.com\/perpignan\/wp-json\/wp\/v2\/podcast\/11229\/revisions\/11231"}],"wp:featuredmedia":[{"embeddable":true,"href":"https:\/\/radio-aviva.com\/perpignan\/wp-json\/wp\/v2\/media\/11230"}],"wp:attachment":[{"href":"https:\/\/radio-aviva.com\/perpignan\/wp-json\/wp\/v2\/media?parent=11229"}],"wp:term":[{"taxonomy":"post_tag","embeddable":true,"href":"https:\/\/radio-aviva.com\/perpignan\/wp-json\/wp\/v2\/tags?post=11229"},{"taxonomy":"podcastfilter","embeddable":true,"href":"https:\/\/radio-aviva.com\/perpignan\/wp-json\/wp\/v2\/podcastfilter?post=11229"}],"curies":[{"name":"wp","href":"https:\/\/api.w.org\/{rel}","templated":true}]}}

FESTIVAL VOIX DE FEMME &#8211;  Sophie BATLLE, bénévole

<p>Cette année encore le festival Voix de Femmes à Maury nous réserve une belle programmation pour les 13 et 14 juin. On se délecte sur Radio Aviva</p>
