{"id":11233,"date":"2025-06-10T10:19:24","date_gmt":"2025-06-10T08:19:24","guid":{"rendered":"https:\/\/radio-aviva.com\/perpignan\/?post_type=podcast&#038;p=11233"},"modified":"2025-06-10T10:19:24","modified_gmt":"2025-06-10T08:19:24","slug":"lalimentation-durable-dans-les-po-fabienne-bonet-presidente-de-la-chambre-de-lagriculture-des-po","status":"publish","type":"podcast","link":"https:\/\/radio-aviva.com\/perpignan\/podcast\/lalimentation-durable-dans-les-po-fabienne-bonet-presidente-de-la-chambre-de-lagriculture-des-po\/","title":{"rendered":"L&rsquo;alimentation durable dans les PO &#8211; Fabienne BONET, Pr\u00e9sidente de la chambre de l&rsquo;agriculture des PO"},"content":{"rendered":"<p>On parle de l&rsquo;alimentation durable dans les Pyr\u00e9n\u00e9es orientales et des actions mises en place par la chambre de l&rsquo;agriculture avec la pr\u00e9sidente de cette derni\u00e8re Fabienne Bonnet sur Radio Aviva.<\/p>\n","protected":false},"author":329,"featured_media":11190,"template":"","tags":[],"podcastfilter":[183,142,164,143,322,323,186],"class_list":["post-11233","podcast","type-podcast","status-publish","has-post-thumbnail","hentry","podcastfilter-agriculture","podcastfilter-ecologie","podcastfilter-economie","podcastfilter-environnement","podcastfilter-leco-en-deux-mots","podcastfilter-leco-en-deux-mots-2","podcastfilter-pyrenees-orientales-2"],"_links":{"self":[{"href":"https:\/\/radio-aviva.com\/perpignan\/wp-json\/wp\/v2\/podcast\/11233","targetHints":{"allow":["GET"]}}],"collection":[{"href":"https:\/\/radio-aviva.com\/perpignan\/wp-json\/wp\/v2\/podcast"}],"about":[{"href":"https:\/\/radio-aviva.com\/perpignan\/wp-json\/wp\/v2\/types\/podcast"}],"author":[{"embeddable":true,"href":"https:\/\/radio-aviva.com\/perpignan\/wp-json\/wp\/v2\/users\/329"}],"version-history":[{"count":1,"href":"https:\/\/radio-aviva.com\/perpignan\/wp-json\/wp\/v2\/podcast\/11233\/revisions"}],"predecessor-version":[{"id":11234,"href":"https:\/\/radio-aviva.com\/perpignan\/wp-json\/wp\/v2\/podcast\/11233\/revisions\/11234"}],"wp:featuredmedia":[{"embeddable":true,"href":"https:\/\/radio-aviva.com\/perpignan\/wp-json\/wp\/v2\/media\/11190"}],"wp:attachment":[{"href":"https:\/\/radio-aviva.com\/perpignan\/wp-json\/wp\/v2\/media?parent=11233"}],"wp:term":[{"taxonomy":"post_tag","embeddable":true,"href":"https:\/\/radio-aviva.com\/perpignan\/wp-json\/wp\/v2\/tags?post=11233"},{"taxonomy":"podcastfilter","embeddable":true,"href":"https:\/\/radio-aviva.com\/perpignan\/wp-json\/wp\/v2\/podcastfilter?post=11233"}],"curies":[{"name":"wp","href":"https:\/\/api.w.org\/{rel}","templated":true}]}}

L&rsquo;alimentation durable dans les PO &#8211; Fabienne BONET, Présidente de la chambre de l&rsquo;agriculture des PO

<p>On parle de l&rsquo;alimentation durable dans les Pyrénées orientales et des actions mises en place par la chambre de l&rsquo;agriculture avec la présidente de cette dernière Fabienne Bonnet sur Radio Aviva.</p>
