{"id":11239,"date":"2025-06-11T11:20:41","date_gmt":"2025-06-11T09:20:41","guid":{"rendered":"https:\/\/radio-aviva.com\/perpignan\/?post_type=podcast&#038;p=11239"},"modified":"2025-06-11T11:20:41","modified_gmt":"2025-06-11T09:20:41","slug":"30-ans-de-lasp-lolivier-herve-miat-responsable-du-pole-accompagner-le-deuil-et-coordinateur-pedagogique","status":"publish","type":"podcast","link":"https:\/\/radio-aviva.com\/perpignan\/podcast\/30-ans-de-lasp-lolivier-herve-miat-responsable-du-pole-accompagner-le-deuil-et-coordinateur-pedagogique\/","title":{"rendered":"30 ans de l&rsquo;ASP l&rsquo;Olivier  &#8211; Herv\u00e9 MIAT, Responsable du P\u00f4le accompagner le deuil et coordinateur p\u00e9dagogique"},"content":{"rendered":"<p>Fond\u00e9e par Sonia Duprat en 1995, l\u2019ASP L\u2019OLIVIER c\u00e9l\u00e8bre ses 30 ans. Son but l\u2019accompagnement lors des soins palliatifs et du deuil.<\/p>\n","protected":false},"author":329,"featured_media":11240,"template":"","tags":[],"podcastfilter":[190,295,119,262,149],"class_list":["post-11239","podcast","type-podcast","status-publish","has-post-thumbnail","hentry","podcastfilter-association","podcastfilter-medecine","podcastfilter-sante","podcastfilter-seniors","podcastfilter-solidarite"],"_links":{"self":[{"href":"https:\/\/radio-aviva.com\/perpignan\/wp-json\/wp\/v2\/podcast\/11239","targetHints":{"allow":["GET"]}}],"collection":[{"href":"https:\/\/radio-aviva.com\/perpignan\/wp-json\/wp\/v2\/podcast"}],"about":[{"href":"https:\/\/radio-aviva.com\/perpignan\/wp-json\/wp\/v2\/types\/podcast"}],"author":[{"embeddable":true,"href":"https:\/\/radio-aviva.com\/perpignan\/wp-json\/wp\/v2\/users\/329"}],"version-history":[{"count":1,"href":"https:\/\/radio-aviva.com\/perpignan\/wp-json\/wp\/v2\/podcast\/11239\/revisions"}],"predecessor-version":[{"id":11241,"href":"https:\/\/radio-aviva.com\/perpignan\/wp-json\/wp\/v2\/podcast\/11239\/revisions\/11241"}],"wp:featuredmedia":[{"embeddable":true,"href":"https:\/\/radio-aviva.com\/perpignan\/wp-json\/wp\/v2\/media\/11240"}],"wp:attachment":[{"href":"https:\/\/radio-aviva.com\/perpignan\/wp-json\/wp\/v2\/media?parent=11239"}],"wp:term":[{"taxonomy":"post_tag","embeddable":true,"href":"https:\/\/radio-aviva.com\/perpignan\/wp-json\/wp\/v2\/tags?post=11239"},{"taxonomy":"podcastfilter","embeddable":true,"href":"https:\/\/radio-aviva.com\/perpignan\/wp-json\/wp\/v2\/podcastfilter?post=11239"}],"curies":[{"name":"wp","href":"https:\/\/api.w.org\/{rel}","templated":true}]}}

30 ans de l&rsquo;ASP l&rsquo;Olivier  &#8211; Hervé MIAT, Responsable du Pôle accompagner le deuil et coordinateur pédagogique

<p>Fondée par Sonia Duprat en 1995, l’ASP L’OLIVIER célèbre ses 30 ans. Son but l’accompagnement lors des soins palliatifs et du deuil.</p>
