{"id":11252,"date":"2025-06-13T13:45:11","date_gmt":"2025-06-13T11:45:11","guid":{"rendered":"https:\/\/radio-aviva.com\/perpignan\/?post_type=podcast&#038;p=11252"},"modified":"2025-06-12T11:29:27","modified_gmt":"2025-06-12T09:29:27","slug":"la-marche-des-fiertes-stephane-goupil-secretaire-centre-lgbt66","status":"publish","type":"podcast","link":"https:\/\/radio-aviva.com\/perpignan\/podcast\/la-marche-des-fiertes-stephane-goupil-secretaire-centre-lgbt66\/","title":{"rendered":"La marche des fiert\u00e9s &#8211; St\u00e9phane GOUPIL, Secr\u00e9taire centre LGBT+66"},"content":{"rendered":"<p>Promouvoir la visibilit\u00e9, l\u2019\u00e9galit\u00e9 et les droits des personnes LGBTQIA+ dans la r\u00e9gion, c\u2019est la Marche des Fiert\u00e9s. St\u00e9phane Goupil nous en parle sur Radio AVIVA.<\/p>\n","protected":false},"author":329,"featured_media":11253,"template":"","tags":[],"podcastfilter":[190,280,234,314,283,197,198],"class_list":["post-11252","podcast","type-podcast","status-publish","has-post-thumbnail","hentry","podcastfilter-association","podcastfilter-discrimination","podcastfilter-interculturel","podcastfilter-la-voix-des-assos","podcastfilter-lgbt","podcastfilter-lutte-contre-lhomophobie","podcastfilter-lutte-contre-la-transphobie"],"_links":{"self":[{"href":"https:\/\/radio-aviva.com\/perpignan\/wp-json\/wp\/v2\/podcast\/11252","targetHints":{"allow":["GET"]}}],"collection":[{"href":"https:\/\/radio-aviva.com\/perpignan\/wp-json\/wp\/v2\/podcast"}],"about":[{"href":"https:\/\/radio-aviva.com\/perpignan\/wp-json\/wp\/v2\/types\/podcast"}],"author":[{"embeddable":true,"href":"https:\/\/radio-aviva.com\/perpignan\/wp-json\/wp\/v2\/users\/329"}],"version-history":[{"count":1,"href":"https:\/\/radio-aviva.com\/perpignan\/wp-json\/wp\/v2\/podcast\/11252\/revisions"}],"predecessor-version":[{"id":11254,"href":"https:\/\/radio-aviva.com\/perpignan\/wp-json\/wp\/v2\/podcast\/11252\/revisions\/11254"}],"wp:featuredmedia":[{"embeddable":true,"href":"https:\/\/radio-aviva.com\/perpignan\/wp-json\/wp\/v2\/media\/11253"}],"wp:attachment":[{"href":"https:\/\/radio-aviva.com\/perpignan\/wp-json\/wp\/v2\/media?parent=11252"}],"wp:term":[{"taxonomy":"post_tag","embeddable":true,"href":"https:\/\/radio-aviva.com\/perpignan\/wp-json\/wp\/v2\/tags?post=11252"},{"taxonomy":"podcastfilter","embeddable":true,"href":"https:\/\/radio-aviva.com\/perpignan\/wp-json\/wp\/v2\/podcastfilter?post=11252"}],"curies":[{"name":"wp","href":"https:\/\/api.w.org\/{rel}","templated":true}]}}

La marche des fiertés &#8211; Stéphane GOUPIL, Secrétaire centre LGBT+66

<p>Promouvoir la visibilité, l’égalité et les droits des personnes LGBTQIA+ dans la région, c’est la Marche des Fiertés. Stéphane Goupil nous en parle sur Radio AVIVA.</p>
