{"id":11257,"date":"2025-06-14T13:45:05","date_gmt":"2025-06-14T11:45:05","guid":{"rendered":"https:\/\/radio-aviva.com\/perpignan\/?post_type=podcast&#038;p=11257"},"modified":"2025-06-12T16:21:06","modified_gmt":"2025-06-12T14:21:06","slug":"la-fete-de-la-musique-de-perpignan-lauriana-deo-campo-celine-senchet-service-evenementiel","status":"publish","type":"podcast","link":"https:\/\/radio-aviva.com\/perpignan\/podcast\/la-fete-de-la-musique-de-perpignan-lauriana-deo-campo-celine-senchet-service-evenementiel\/","title":{"rendered":"La f\u00eate de la musique de Perpignan &#8211; Lauriana DEO CAMPO, C\u00e9line SENCHET, Service \u00e9v\u00e9nementiel"},"content":{"rendered":"<p>Elle signe le d\u00e9but de l\u2019\u00e9t\u00e9, c\u2019est la f\u00eate de la musique \u00e0 Perpignan. Demandez le programme sur Radio Aviva.<\/p>\n","protected":false},"author":329,"featured_media":10958,"template":"","tags":[],"podcastfilter":[209,272,165,127,255,109],"class_list":["post-11257","podcast","type-podcast","status-publish","has-post-thumbnail","hentry","podcastfilter-concert","podcastfilter-culture","podcastfilter-culture-compagnie","podcastfilter-culture-et-compagnie","podcastfilter-evenement","podcastfilter-perpignan"],"_links":{"self":[{"href":"https:\/\/radio-aviva.com\/perpignan\/wp-json\/wp\/v2\/podcast\/11257","targetHints":{"allow":["GET"]}}],"collection":[{"href":"https:\/\/radio-aviva.com\/perpignan\/wp-json\/wp\/v2\/podcast"}],"about":[{"href":"https:\/\/radio-aviva.com\/perpignan\/wp-json\/wp\/v2\/types\/podcast"}],"author":[{"embeddable":true,"href":"https:\/\/radio-aviva.com\/perpignan\/wp-json\/wp\/v2\/users\/329"}],"version-history":[{"count":1,"href":"https:\/\/radio-aviva.com\/perpignan\/wp-json\/wp\/v2\/podcast\/11257\/revisions"}],"predecessor-version":[{"id":11258,"href":"https:\/\/radio-aviva.com\/perpignan\/wp-json\/wp\/v2\/podcast\/11257\/revisions\/11258"}],"wp:featuredmedia":[{"embeddable":true,"href":"https:\/\/radio-aviva.com\/perpignan\/wp-json\/wp\/v2\/media\/10958"}],"wp:attachment":[{"href":"https:\/\/radio-aviva.com\/perpignan\/wp-json\/wp\/v2\/media?parent=11257"}],"wp:term":[{"taxonomy":"post_tag","embeddable":true,"href":"https:\/\/radio-aviva.com\/perpignan\/wp-json\/wp\/v2\/tags?post=11257"},{"taxonomy":"podcastfilter","embeddable":true,"href":"https:\/\/radio-aviva.com\/perpignan\/wp-json\/wp\/v2\/podcastfilter?post=11257"}],"curies":[{"name":"wp","href":"https:\/\/api.w.org\/{rel}","templated":true}]}}

La fête de la musique de Perpignan &#8211; Lauriana DEO CAMPO, Céline SENCHET, Service événementiel

<p>Elle signe le début de l’été, c’est la fête de la musique à Perpignan. Demandez le programme sur Radio Aviva.</p>
