{"id":11259,"date":"2025-06-14T10:00:13","date_gmt":"2025-06-14T08:00:13","guid":{"rendered":"https:\/\/radio-aviva.com\/perpignan\/?post_type=podcast&#038;p=11259"},"modified":"2025-06-12T16:25:48","modified_gmt":"2025-06-12T14:25:48","slug":"un-pas-pour-lavenir-noa-laval-anna-arjomandi-etudiantes-en-master-2-communication","status":"publish","type":"podcast","link":"https:\/\/radio-aviva.com\/perpignan\/podcast\/un-pas-pour-lavenir-noa-laval-anna-arjomandi-etudiantes-en-master-2-communication\/","title":{"rendered":"Un pas pour l&rsquo;avenir &#8211; Noa LAVAL, Anna ARJOMANDI, Etudiantes en master 2 communication"},"content":{"rendered":"<p>Associez votre entreprise \u00e0 \u201cUn Pas pour l\u2019Avenir\u201d. Un \u00e9v\u00e9nement caritatif et engag\u00e9 pour les enfants au profit de\u00a0l\u2019association H\u00e9r\u00e9dit\u00e9 Cancer ! On en parle sur Radio AVIVA.<\/p>\n","protected":false},"author":329,"featured_media":11161,"template":"","tags":[],"podcastfilter":[256,282,255,145,223],"class_list":["post-11259","podcast","type-podcast","status-publish","has-post-thumbnail","hentry","podcastfilter-caritatif","podcastfilter-enfant","podcastfilter-evenement","podcastfilter-mag-de-la-redac","podcastfilter-solidaire"],"_links":{"self":[{"href":"https:\/\/radio-aviva.com\/perpignan\/wp-json\/wp\/v2\/podcast\/11259","targetHints":{"allow":["GET"]}}],"collection":[{"href":"https:\/\/radio-aviva.com\/perpignan\/wp-json\/wp\/v2\/podcast"}],"about":[{"href":"https:\/\/radio-aviva.com\/perpignan\/wp-json\/wp\/v2\/types\/podcast"}],"author":[{"embeddable":true,"href":"https:\/\/radio-aviva.com\/perpignan\/wp-json\/wp\/v2\/users\/329"}],"version-history":[{"count":1,"href":"https:\/\/radio-aviva.com\/perpignan\/wp-json\/wp\/v2\/podcast\/11259\/revisions"}],"predecessor-version":[{"id":11260,"href":"https:\/\/radio-aviva.com\/perpignan\/wp-json\/wp\/v2\/podcast\/11259\/revisions\/11260"}],"wp:featuredmedia":[{"embeddable":true,"href":"https:\/\/radio-aviva.com\/perpignan\/wp-json\/wp\/v2\/media\/11161"}],"wp:attachment":[{"href":"https:\/\/radio-aviva.com\/perpignan\/wp-json\/wp\/v2\/media?parent=11259"}],"wp:term":[{"taxonomy":"post_tag","embeddable":true,"href":"https:\/\/radio-aviva.com\/perpignan\/wp-json\/wp\/v2\/tags?post=11259"},{"taxonomy":"podcastfilter","embeddable":true,"href":"https:\/\/radio-aviva.com\/perpignan\/wp-json\/wp\/v2\/podcastfilter?post=11259"}],"curies":[{"name":"wp","href":"https:\/\/api.w.org\/{rel}","templated":true}]}}

<p>Associez votre entreprise à “Un Pas pour l’Avenir”. Un événement caritatif et engagé pour les enfants au profit de l’association Hérédité Cancer ! On en parle sur Radio AVIVA.</p>
