{"id":11261,"date":"2025-06-14T13:45:14","date_gmt":"2025-06-14T11:45:14","guid":{"rendered":"https:\/\/radio-aviva.com\/perpignan\/?post_type=podcast&#038;p=11261"},"modified":"2025-06-12T16:29:28","modified_gmt":"2025-06-12T14:29:28","slug":"le-forum-des-associations-charles-pons-1er-adjoint-au-maire-de-perpignan","status":"publish","type":"podcast","link":"https:\/\/radio-aviva.com\/perpignan\/podcast\/le-forum-des-associations-charles-pons-1er-adjoint-au-maire-de-perpignan\/","title":{"rendered":"Le forum des associations &#8211; Charles PONS, 1er adjoint au maire de Perpignan"},"content":{"rendered":"<p>Le Forum des Associations\u00a0a pour mission de mettre en relation les perpignanais et les associations locales, afin de pr\u00e9senter leurs activit\u00e9s. Pr\u00e8s de 8000 visiteurs en 2024 ! Cette ann\u00e9e le Forum des Assos vous donne rendez-vous le 28 juin autour de plus de 100 associations.<\/p>\n","protected":false},"author":329,"featured_media":11262,"template":"","tags":[],"podcastfilter":[190,255,314,152,109],"class_list":["post-11261","podcast","type-podcast","status-publish","has-post-thumbnail","hentry","podcastfilter-association","podcastfilter-evenement","podcastfilter-la-voix-des-assos","podcastfilter-lien-social","podcastfilter-perpignan"],"_links":{"self":[{"href":"https:\/\/radio-aviva.com\/perpignan\/wp-json\/wp\/v2\/podcast\/11261","targetHints":{"allow":["GET"]}}],"collection":[{"href":"https:\/\/radio-aviva.com\/perpignan\/wp-json\/wp\/v2\/podcast"}],"about":[{"href":"https:\/\/radio-aviva.com\/perpignan\/wp-json\/wp\/v2\/types\/podcast"}],"author":[{"embeddable":true,"href":"https:\/\/radio-aviva.com\/perpignan\/wp-json\/wp\/v2\/users\/329"}],"version-history":[{"count":1,"href":"https:\/\/radio-aviva.com\/perpignan\/wp-json\/wp\/v2\/podcast\/11261\/revisions"}],"predecessor-version":[{"id":11263,"href":"https:\/\/radio-aviva.com\/perpignan\/wp-json\/wp\/v2\/podcast\/11261\/revisions\/11263"}],"wp:featuredmedia":[{"embeddable":true,"href":"https:\/\/radio-aviva.com\/perpignan\/wp-json\/wp\/v2\/media\/11262"}],"wp:attachment":[{"href":"https:\/\/radio-aviva.com\/perpignan\/wp-json\/wp\/v2\/media?parent=11261"}],"wp:term":[{"taxonomy":"post_tag","embeddable":true,"href":"https:\/\/radio-aviva.com\/perpignan\/wp-json\/wp\/v2\/tags?post=11261"},{"taxonomy":"podcastfilter","embeddable":true,"href":"https:\/\/radio-aviva.com\/perpignan\/wp-json\/wp\/v2\/podcastfilter?post=11261"}],"curies":[{"name":"wp","href":"https:\/\/api.w.org\/{rel}","templated":true}]}}

<p>Le Forum des Associations a pour mission de mettre en relation les perpignanais et les associations locales, afin de présenter leurs activités. Près de 8000 visiteurs en 2024 ! Cette année le Forum des Assos vous donne rendez-vous le 28 juin autour de plus de 100 associations.</p>
