{"id":11264,"date":"2025-06-18T10:00:51","date_gmt":"2025-06-18T08:00:51","guid":{"rendered":"https:\/\/radio-aviva.com\/perpignan\/?post_type=podcast&#038;p=11264"},"modified":"2025-06-17T14:22:25","modified_gmt":"2025-06-17T12:22:25","slug":"challenge-basique-veronique-joulie-chargee-de-mission-a-lancli","status":"publish","type":"podcast","link":"https:\/\/radio-aviva.com\/perpignan\/podcast\/challenge-basique-veronique-joulie-chargee-de-mission-a-lancli\/","title":{"rendered":"CHALLENGE BASIQUE &#8211; V\u00e9ronique  JOULIE, Charg\u00e9e de mission \u00e0 l&rsquo;ANCLI"},"content":{"rendered":"<p>\u00ab\u00a0Basique !\u00a0\u00bb, le challenge vid\u00e9o pour les jeunes de 18 \u00e0 29 ans. On en Parle sur Radio AVIVA<\/p>\n","protected":false},"author":329,"featured_media":11265,"template":"","tags":[],"podcastfilter":[],"class_list":["post-11264","podcast","type-podcast","status-publish","has-post-thumbnail","hentry"],"_links":{"self":[{"href":"https:\/\/radio-aviva.com\/perpignan\/wp-json\/wp\/v2\/podcast\/11264","targetHints":{"allow":["GET"]}}],"collection":[{"href":"https:\/\/radio-aviva.com\/perpignan\/wp-json\/wp\/v2\/podcast"}],"about":[{"href":"https:\/\/radio-aviva.com\/perpignan\/wp-json\/wp\/v2\/types\/podcast"}],"author":[{"embeddable":true,"href":"https:\/\/radio-aviva.com\/perpignan\/wp-json\/wp\/v2\/users\/329"}],"version-history":[{"count":2,"href":"https:\/\/radio-aviva.com\/perpignan\/wp-json\/wp\/v2\/podcast\/11264\/revisions"}],"predecessor-version":[{"id":11267,"href":"https:\/\/radio-aviva.com\/perpignan\/wp-json\/wp\/v2\/podcast\/11264\/revisions\/11267"}],"wp:featuredmedia":[{"embeddable":true,"href":"https:\/\/radio-aviva.com\/perpignan\/wp-json\/wp\/v2\/media\/11265"}],"wp:attachment":[{"href":"https:\/\/radio-aviva.com\/perpignan\/wp-json\/wp\/v2\/media?parent=11264"}],"wp:term":[{"taxonomy":"post_tag","embeddable":true,"href":"https:\/\/radio-aviva.com\/perpignan\/wp-json\/wp\/v2\/tags?post=11264"},{"taxonomy":"podcastfilter","embeddable":true,"href":"https:\/\/radio-aviva.com\/perpignan\/wp-json\/wp\/v2\/podcastfilter?post=11264"}],"curies":[{"name":"wp","href":"https:\/\/api.w.org\/{rel}","templated":true}]}}

CHALLENGE BASIQUE &#8211; Véronique  JOULIE, Chargée de mission à l&rsquo;ANCLI

<p>« Basique ! », le challenge vidéo pour les jeunes de 18 à 29 ans. On en Parle sur Radio AVIVA</p>
