{"id":11279,"date":"2025-06-25T11:01:11","date_gmt":"2025-06-25T09:01:11","guid":{"rendered":"https:\/\/radio-aviva.com\/perpignan\/?post_type=podcast&#038;p=11279"},"modified":"2025-06-25T11:01:11","modified_gmt":"2025-06-25T09:01:11","slug":"les-enjeux-du-numerique-monique-garcia-presidente-du-mouvement-europeen-pyrenees-orientales-et-aude","status":"publish","type":"podcast","link":"https:\/\/radio-aviva.com\/perpignan\/podcast\/les-enjeux-du-numerique-monique-garcia-presidente-du-mouvement-europeen-pyrenees-orientales-et-aude\/","title":{"rendered":"Les enjeux du Num\u00e9rique Monique GARCIA, Pr\u00e9sidente du Mouvement Europ\u00e9en Pyr\u00e9n\u00e9es Orientales et Aude"},"content":{"rendered":"<p>Le num\u00e9rique dans l\u2019Europe !<\/p>\n<p>Quelle est la place et le futur pour le num\u00e9rique au sein de l\u2019Europe ? Venez en d\u00e9battre mardi 01 juillet \u00e0 19h00 au Nautilus \u00e0 Perpignan. Avec Radio AVIVA<\/p>\n","protected":false},"author":329,"featured_media":11280,"template":"","tags":[],"podcastfilter":[208,164,109,180],"class_list":["post-11279","podcast","type-podcast","status-publish","has-post-thumbnail","hentry","podcastfilter-conference","podcastfilter-economie","podcastfilter-perpignan","podcastfilter-pyrenees-orientales"],"_links":{"self":[{"href":"https:\/\/radio-aviva.com\/perpignan\/wp-json\/wp\/v2\/podcast\/11279","targetHints":{"allow":["GET"]}}],"collection":[{"href":"https:\/\/radio-aviva.com\/perpignan\/wp-json\/wp\/v2\/podcast"}],"about":[{"href":"https:\/\/radio-aviva.com\/perpignan\/wp-json\/wp\/v2\/types\/podcast"}],"author":[{"embeddable":true,"href":"https:\/\/radio-aviva.com\/perpignan\/wp-json\/wp\/v2\/users\/329"}],"version-history":[{"count":1,"href":"https:\/\/radio-aviva.com\/perpignan\/wp-json\/wp\/v2\/podcast\/11279\/revisions"}],"predecessor-version":[{"id":11281,"href":"https:\/\/radio-aviva.com\/perpignan\/wp-json\/wp\/v2\/podcast\/11279\/revisions\/11281"}],"wp:featuredmedia":[{"embeddable":true,"href":"https:\/\/radio-aviva.com\/perpignan\/wp-json\/wp\/v2\/media\/11280"}],"wp:attachment":[{"href":"https:\/\/radio-aviva.com\/perpignan\/wp-json\/wp\/v2\/media?parent=11279"}],"wp:term":[{"taxonomy":"post_tag","embeddable":true,"href":"https:\/\/radio-aviva.com\/perpignan\/wp-json\/wp\/v2\/tags?post=11279"},{"taxonomy":"podcastfilter","embeddable":true,"href":"https:\/\/radio-aviva.com\/perpignan\/wp-json\/wp\/v2\/podcastfilter?post=11279"}],"curies":[{"name":"wp","href":"https:\/\/api.w.org\/{rel}","templated":true}]}}

Les enjeux du Numérique Monique GARCIA, Présidente du Mouvement Européen Pyrénées Orientales et Aude

<p>Le numérique dans l’Europe !</p>
<p>Quelle est la place et le futur pour le numérique au sein de l’Europe ? Venez en débattre mardi 01 juillet à 19h00 au Nautilus à Perpignan. Avec Radio AVIVA</p>
