{"id":11283,"date":"2025-06-30T09:00:26","date_gmt":"2025-06-30T07:00:26","guid":{"rendered":"https:\/\/radio-aviva.com\/perpignan\/?post_type=podcast&#038;p=11283"},"modified":"2025-06-27T10:13:09","modified_gmt":"2025-06-27T08:13:09","slug":"escales-en-mediterranee-patricia-gonzalvez-directrice-de-la-recyclerie-delne-claire-comes-conseillere-en-insertion-professionnelle","status":"publish","type":"podcast","link":"https:\/\/radio-aviva.com\/perpignan\/podcast\/escales-en-mediterranee-patricia-gonzalvez-directrice-de-la-recyclerie-delne-claire-comes-conseillere-en-insertion-professionnelle\/","title":{"rendered":"ESCALES EN MEDITERRANEE  Patricia GONZALVEZ , Directrice de LA RECYCLERIE D&rsquo;ELNE, Claire COMES, Conseill\u00e8re en insertion professionnelle"},"content":{"rendered":"<p>Escales en M\u00e9diterran\u00e9e avec la Recyclerie d\u2019Elne ce 05 juillet !<\/p>\n<p>Recycler c\u2019est bon pour la plan\u00e8te mais aussi pour le portefeuille. Unique mettez la M\u00e9diterran\u00e9e dans votre int\u00e9rieure<\/p>\n","protected":false},"author":329,"featured_media":11284,"template":"","tags":[],"podcastfilter":[],"class_list":["post-11283","podcast","type-podcast","status-publish","has-post-thumbnail","hentry"],"_links":{"self":[{"href":"https:\/\/radio-aviva.com\/perpignan\/wp-json\/wp\/v2\/podcast\/11283","targetHints":{"allow":["GET"]}}],"collection":[{"href":"https:\/\/radio-aviva.com\/perpignan\/wp-json\/wp\/v2\/podcast"}],"about":[{"href":"https:\/\/radio-aviva.com\/perpignan\/wp-json\/wp\/v2\/types\/podcast"}],"author":[{"embeddable":true,"href":"https:\/\/radio-aviva.com\/perpignan\/wp-json\/wp\/v2\/users\/329"}],"version-history":[{"count":2,"href":"https:\/\/radio-aviva.com\/perpignan\/wp-json\/wp\/v2\/podcast\/11283\/revisions"}],"predecessor-version":[{"id":11286,"href":"https:\/\/radio-aviva.com\/perpignan\/wp-json\/wp\/v2\/podcast\/11283\/revisions\/11286"}],"wp:featuredmedia":[{"embeddable":true,"href":"https:\/\/radio-aviva.com\/perpignan\/wp-json\/wp\/v2\/media\/11284"}],"wp:attachment":[{"href":"https:\/\/radio-aviva.com\/perpignan\/wp-json\/wp\/v2\/media?parent=11283"}],"wp:term":[{"taxonomy":"post_tag","embeddable":true,"href":"https:\/\/radio-aviva.com\/perpignan\/wp-json\/wp\/v2\/tags?post=11283"},{"taxonomy":"podcastfilter","embeddable":true,"href":"https:\/\/radio-aviva.com\/perpignan\/wp-json\/wp\/v2\/podcastfilter?post=11283"}],"curies":[{"name":"wp","href":"https:\/\/api.w.org\/{rel}","templated":true}]}}

ESCALES EN MEDITERRANEE  Patricia GONZALVEZ , Directrice de LA RECYCLERIE D&rsquo;ELNE, Claire COMES, Conseillère en insertion professionnelle

<p>Escales en Méditerranée avec la Recyclerie d’Elne ce 05 juillet !</p>
<p>Recycler c’est bon pour la planète mais aussi pour le portefeuille. Unique mettez la Méditerranée dans votre intérieure</p>
