{"id":11288,"date":"2025-06-30T13:19:13","date_gmt":"2025-06-30T11:19:13","guid":{"rendered":"https:\/\/radio-aviva.com\/perpignan\/?post_type=podcast&#038;p=11288"},"modified":"2025-06-30T13:19:13","modified_gmt":"2025-06-30T11:19:13","slug":"harmonie-loeuvre-ultime-alexandre-lorquin-vice-president-de-la-fondation-dina-vierny-musee-maillol","status":"publish","type":"podcast","link":"https:\/\/radio-aviva.com\/perpignan\/podcast\/harmonie-loeuvre-ultime-alexandre-lorquin-vice-president-de-la-fondation-dina-vierny-musee-maillol\/","title":{"rendered":"Harmonie l&rsquo;\u0152uvre ultime &#8211; Alexandre LORQUIN, Vice pr\u00e9sident de la fondation Dina Vierny Mus\u00e9e Maillol"},"content":{"rendered":"<p>\u00ab\u00a0<em>Harmonie<\/em>\u00a0\u00bb resta inachev\u00e9e avec la mort de l&rsquo;artiste en 1944. On d\u00e9couvre son histoire et l\u2019exposition sur Radio Aviva.<\/p>\n","protected":false},"author":329,"featured_media":11289,"template":"","tags":[],"podcastfilter":[86,272,165,127,134,284],"class_list":["post-11288","podcast","type-podcast","status-publish","has-post-thumbnail","hentry","podcastfilter-art","podcastfilter-culture","podcastfilter-culture-compagnie","podcastfilter-culture-et-compagnie","podcastfilter-exposition","podcastfilter-musee"],"_links":{"self":[{"href":"https:\/\/radio-aviva.com\/perpignan\/wp-json\/wp\/v2\/podcast\/11288","targetHints":{"allow":["GET"]}}],"collection":[{"href":"https:\/\/radio-aviva.com\/perpignan\/wp-json\/wp\/v2\/podcast"}],"about":[{"href":"https:\/\/radio-aviva.com\/perpignan\/wp-json\/wp\/v2\/types\/podcast"}],"author":[{"embeddable":true,"href":"https:\/\/radio-aviva.com\/perpignan\/wp-json\/wp\/v2\/users\/329"}],"version-history":[{"count":1,"href":"https:\/\/radio-aviva.com\/perpignan\/wp-json\/wp\/v2\/podcast\/11288\/revisions"}],"predecessor-version":[{"id":11290,"href":"https:\/\/radio-aviva.com\/perpignan\/wp-json\/wp\/v2\/podcast\/11288\/revisions\/11290"}],"wp:featuredmedia":[{"embeddable":true,"href":"https:\/\/radio-aviva.com\/perpignan\/wp-json\/wp\/v2\/media\/11289"}],"wp:attachment":[{"href":"https:\/\/radio-aviva.com\/perpignan\/wp-json\/wp\/v2\/media?parent=11288"}],"wp:term":[{"taxonomy":"post_tag","embeddable":true,"href":"https:\/\/radio-aviva.com\/perpignan\/wp-json\/wp\/v2\/tags?post=11288"},{"taxonomy":"podcastfilter","embeddable":true,"href":"https:\/\/radio-aviva.com\/perpignan\/wp-json\/wp\/v2\/podcastfilter?post=11288"}],"curies":[{"name":"wp","href":"https:\/\/api.w.org\/{rel}","templated":true}]}}

Harmonie l&rsquo;Œuvre ultime &#8211; Alexandre LORQUIN, Vice président de la fondation Dina Vierny Musée Maillol

<p>« <em>Harmonie</em> » resta inachevée avec la mort de l&rsquo;artiste en 1944. On découvre son histoire et l’exposition sur Radio Aviva.</p>
