{"id":11302,"date":"2025-07-03T14:46:58","date_gmt":"2025-07-03T12:46:58","guid":{"rendered":"https:\/\/radio-aviva.com\/perpignan\/?post_type=podcast&#038;p=11302"},"modified":"2025-07-03T14:46:58","modified_gmt":"2025-07-03T12:46:58","slug":"alice-et-les-petits-guerriers-olivier-brunel-president","status":"publish","type":"podcast","link":"https:\/\/radio-aviva.com\/perpignan\/podcast\/alice-et-les-petits-guerriers-olivier-brunel-president\/","title":{"rendered":"Alice et les petits guerriers &#8211; Olivier BRUNEL, Pr\u00e9sident"},"content":{"rendered":"<p>Et cet \u00e9t\u00e9, pas de vacances pour\u00a0<em>Alice\u00a0et les\u00a0petits\u00a0Guerriers<\/em>. En effet, l\u2019association sera en permanence sur le pont, \u00e0 Argel\u00e8s-sur-Mer et alentour. On fait le point sur Radio AVIVA\u00a0.<\/p>\n","protected":false},"author":329,"featured_media":11303,"template":"","tags":[],"podcastfilter":[190,282,314,152,149],"class_list":["post-11302","podcast","type-podcast","status-publish","has-post-thumbnail","hentry","podcastfilter-association","podcastfilter-enfant","podcastfilter-la-voix-des-assos","podcastfilter-lien-social","podcastfilter-solidarite"],"_links":{"self":[{"href":"https:\/\/radio-aviva.com\/perpignan\/wp-json\/wp\/v2\/podcast\/11302","targetHints":{"allow":["GET"]}}],"collection":[{"href":"https:\/\/radio-aviva.com\/perpignan\/wp-json\/wp\/v2\/podcast"}],"about":[{"href":"https:\/\/radio-aviva.com\/perpignan\/wp-json\/wp\/v2\/types\/podcast"}],"author":[{"embeddable":true,"href":"https:\/\/radio-aviva.com\/perpignan\/wp-json\/wp\/v2\/users\/329"}],"version-history":[{"count":1,"href":"https:\/\/radio-aviva.com\/perpignan\/wp-json\/wp\/v2\/podcast\/11302\/revisions"}],"predecessor-version":[{"id":11304,"href":"https:\/\/radio-aviva.com\/perpignan\/wp-json\/wp\/v2\/podcast\/11302\/revisions\/11304"}],"wp:featuredmedia":[{"embeddable":true,"href":"https:\/\/radio-aviva.com\/perpignan\/wp-json\/wp\/v2\/media\/11303"}],"wp:attachment":[{"href":"https:\/\/radio-aviva.com\/perpignan\/wp-json\/wp\/v2\/media?parent=11302"}],"wp:term":[{"taxonomy":"post_tag","embeddable":true,"href":"https:\/\/radio-aviva.com\/perpignan\/wp-json\/wp\/v2\/tags?post=11302"},{"taxonomy":"podcastfilter","embeddable":true,"href":"https:\/\/radio-aviva.com\/perpignan\/wp-json\/wp\/v2\/podcastfilter?post=11302"}],"curies":[{"name":"wp","href":"https:\/\/api.w.org\/{rel}","templated":true}]}}

Alice et les petits guerriers &#8211; Olivier BRUNEL, Président

<p>Et cet été, pas de vacances pour <em>Alice et les petits Guerriers</em>. En effet, l’association sera en permanence sur le pont, à Argelès-sur-Mer et alentour. On fait le point sur Radio AVIVA .</p>
