{"id":11308,"date":"2025-07-09T09:45:19","date_gmt":"2025-07-09T07:45:19","guid":{"rendered":"https:\/\/radio-aviva.com\/perpignan\/?post_type=podcast&#038;p=11308"},"modified":"2025-07-07T10:27:32","modified_gmt":"2025-07-07T08:27:32","slug":"la-fete-de-la-mer-du-miam-felix-organisateur","status":"publish","type":"podcast","link":"https:\/\/radio-aviva.com\/perpignan\/podcast\/la-fete-de-la-mer-du-miam-felix-organisateur\/","title":{"rendered":"LA FETE DE LA MER DU MIAM &#8211; F\u00e9lix, Organisateur"},"content":{"rendered":"<p>Samedi 12 juillet le MIAM f\u00eate l&rsquo;\u00e9t\u00e9 et ram\u00e8ne la mer et la plage dans Perpignan !<\/p>\n","protected":false},"author":329,"featured_media":11309,"template":"","tags":[],"podcastfilter":[162,272,143,235],"class_list":["post-11308","podcast","type-podcast","status-publish","has-post-thumbnail","hentry","podcastfilter-cuisine","podcastfilter-culture","podcastfilter-environnement","podcastfilter-fete"],"_links":{"self":[{"href":"https:\/\/radio-aviva.com\/perpignan\/wp-json\/wp\/v2\/podcast\/11308","targetHints":{"allow":["GET"]}}],"collection":[{"href":"https:\/\/radio-aviva.com\/perpignan\/wp-json\/wp\/v2\/podcast"}],"about":[{"href":"https:\/\/radio-aviva.com\/perpignan\/wp-json\/wp\/v2\/types\/podcast"}],"author":[{"embeddable":true,"href":"https:\/\/radio-aviva.com\/perpignan\/wp-json\/wp\/v2\/users\/329"}],"version-history":[{"count":1,"href":"https:\/\/radio-aviva.com\/perpignan\/wp-json\/wp\/v2\/podcast\/11308\/revisions"}],"predecessor-version":[{"id":11310,"href":"https:\/\/radio-aviva.com\/perpignan\/wp-json\/wp\/v2\/podcast\/11308\/revisions\/11310"}],"wp:featuredmedia":[{"embeddable":true,"href":"https:\/\/radio-aviva.com\/perpignan\/wp-json\/wp\/v2\/media\/11309"}],"wp:attachment":[{"href":"https:\/\/radio-aviva.com\/perpignan\/wp-json\/wp\/v2\/media?parent=11308"}],"wp:term":[{"taxonomy":"post_tag","embeddable":true,"href":"https:\/\/radio-aviva.com\/perpignan\/wp-json\/wp\/v2\/tags?post=11308"},{"taxonomy":"podcastfilter","embeddable":true,"href":"https:\/\/radio-aviva.com\/perpignan\/wp-json\/wp\/v2\/podcastfilter?post=11308"}],"curies":[{"name":"wp","href":"https:\/\/api.w.org\/{rel}","templated":true}]}}

LA FETE DE LA MER DU MIAM &#8211; Félix, Organisateur

<p>Samedi 12 juillet le MIAM fête l&rsquo;été et ramène la mer et la plage dans Perpignan !</p>
