{"id":11311,"date":"2025-07-14T10:00:38","date_gmt":"2025-07-14T08:00:38","guid":{"rendered":"https:\/\/radio-aviva.com\/perpignan\/?post_type=podcast&#038;p=11311"},"modified":"2025-07-07T10:35:17","modified_gmt":"2025-07-07T08:35:17","slug":"66-cine-rencontre-de-prades-marie-laurence-mestres-co-presidente","status":"publish","type":"podcast","link":"https:\/\/radio-aviva.com\/perpignan\/podcast\/66-cine-rencontre-de-prades-marie-laurence-mestres-co-presidente\/","title":{"rendered":"66 CINE RENCONTRE DE PRADES &#8211; Marie Laurence MESTRES, CO PRESIDENTE"},"content":{"rendered":"<p>Les 66e Cin\u00e9-Rencontres de Prades auront lieu du 19 au 26 juillet 2025<\/p>\n<p>Sa vocation est de proposer des comp\u00e9titions de courts et de longs m\u00e9trages ainsi que des s\u00e9ances en plein air. Ainsi, ce festival accompagne des oeuvres par leurs r\u00e9alisateurs, en pr\u00e9sence d&rsquo;acteurs, de producteurs et de critiques de cin\u00e9ma.<\/p>\n","protected":false},"author":329,"featured_media":11312,"template":"","tags":[],"podcastfilter":[168,304,128,272],"class_list":["post-11311","podcast","type-podcast","status-publish","has-post-thumbnail","hentry","podcastfilter-artiste","podcastfilter-cineculte","podcastfilter-cinema","podcastfilter-culture"],"_links":{"self":[{"href":"https:\/\/radio-aviva.com\/perpignan\/wp-json\/wp\/v2\/podcast\/11311","targetHints":{"allow":["GET"]}}],"collection":[{"href":"https:\/\/radio-aviva.com\/perpignan\/wp-json\/wp\/v2\/podcast"}],"about":[{"href":"https:\/\/radio-aviva.com\/perpignan\/wp-json\/wp\/v2\/types\/podcast"}],"author":[{"embeddable":true,"href":"https:\/\/radio-aviva.com\/perpignan\/wp-json\/wp\/v2\/users\/329"}],"version-history":[{"count":1,"href":"https:\/\/radio-aviva.com\/perpignan\/wp-json\/wp\/v2\/podcast\/11311\/revisions"}],"predecessor-version":[{"id":11313,"href":"https:\/\/radio-aviva.com\/perpignan\/wp-json\/wp\/v2\/podcast\/11311\/revisions\/11313"}],"wp:featuredmedia":[{"embeddable":true,"href":"https:\/\/radio-aviva.com\/perpignan\/wp-json\/wp\/v2\/media\/11312"}],"wp:attachment":[{"href":"https:\/\/radio-aviva.com\/perpignan\/wp-json\/wp\/v2\/media?parent=11311"}],"wp:term":[{"taxonomy":"post_tag","embeddable":true,"href":"https:\/\/radio-aviva.com\/perpignan\/wp-json\/wp\/v2\/tags?post=11311"},{"taxonomy":"podcastfilter","embeddable":true,"href":"https:\/\/radio-aviva.com\/perpignan\/wp-json\/wp\/v2\/podcastfilter?post=11311"}],"curies":[{"name":"wp","href":"https:\/\/api.w.org\/{rel}","templated":true}]}}

<p>Les 66e Ciné-Rencontres de Prades auront lieu du 19 au 26 juillet 2025</p>
<p>Sa vocation est de proposer des compétitions de courts et de longs métrages ainsi que des séances en plein air. Ainsi, ce festival accompagne des oeuvres par leurs réalisateurs, en présence d&rsquo;acteurs, de producteurs et de critiques de cinéma.</p>
