{"id":11314,"date":"2025-07-07T10:59:32","date_gmt":"2025-07-07T08:59:32","guid":{"rendered":"https:\/\/radio-aviva.com\/perpignan\/?post_type=podcast&#038;p=11314"},"modified":"2025-07-07T10:42:50","modified_gmt":"2025-07-07T08:42:50","slug":"asso-dauphin-catalan-tanguy-proust-formateur-plongee-sous-marine","status":"publish","type":"podcast","link":"https:\/\/radio-aviva.com\/perpignan\/podcast\/asso-dauphin-catalan-tanguy-proust-formateur-plongee-sous-marine\/","title":{"rendered":"ASSO DAUPHIN CATALAN &#8211; Tanguy PROUST, Formateur Plong\u00e9e Sous Marine"},"content":{"rendered":"<p>Formez vous \u00e0 la plong\u00e9e sous marine et d\u00e9couvrez la beaut\u00e9 des fonds m\u00e9diterran\u00e9ens<\/p>\n<p>L\u2019association le Dauphin Catalan vous forme en piscine et en milieu naturel \u00e0 la plong\u00e9e sous marine. Une activit\u00e9 accessible pour un bapt\u00eame d\u00e8s 8 ans.<\/p>\n","protected":false},"author":329,"featured_media":11315,"template":"","tags":[],"podcastfilter":[190,328,148],"class_list":["post-11314","podcast","type-podcast","status-publish","has-post-thumbnail","hentry","podcastfilter-association","podcastfilter-plongee-sous-marine","podcastfilter-voix-des-assos"],"_links":{"self":[{"href":"https:\/\/radio-aviva.com\/perpignan\/wp-json\/wp\/v2\/podcast\/11314","targetHints":{"allow":["GET"]}}],"collection":[{"href":"https:\/\/radio-aviva.com\/perpignan\/wp-json\/wp\/v2\/podcast"}],"about":[{"href":"https:\/\/radio-aviva.com\/perpignan\/wp-json\/wp\/v2\/types\/podcast"}],"author":[{"embeddable":true,"href":"https:\/\/radio-aviva.com\/perpignan\/wp-json\/wp\/v2\/users\/329"}],"version-history":[{"count":1,"href":"https:\/\/radio-aviva.com\/perpignan\/wp-json\/wp\/v2\/podcast\/11314\/revisions"}],"predecessor-version":[{"id":11316,"href":"https:\/\/radio-aviva.com\/perpignan\/wp-json\/wp\/v2\/podcast\/11314\/revisions\/11316"}],"wp:featuredmedia":[{"embeddable":true,"href":"https:\/\/radio-aviva.com\/perpignan\/wp-json\/wp\/v2\/media\/11315"}],"wp:attachment":[{"href":"https:\/\/radio-aviva.com\/perpignan\/wp-json\/wp\/v2\/media?parent=11314"}],"wp:term":[{"taxonomy":"post_tag","embeddable":true,"href":"https:\/\/radio-aviva.com\/perpignan\/wp-json\/wp\/v2\/tags?post=11314"},{"taxonomy":"podcastfilter","embeddable":true,"href":"https:\/\/radio-aviva.com\/perpignan\/wp-json\/wp\/v2\/podcastfilter?post=11314"}],"curies":[{"name":"wp","href":"https:\/\/api.w.org\/{rel}","templated":true}]}}

ASSO DAUPHIN CATALAN &#8211; Tanguy PROUST, Formateur Plongée Sous Marine

<p>Formez vous à la plongée sous marine et découvrez la beauté des fonds méditerranéens</p>
<p>L’association le Dauphin Catalan vous forme en piscine et en milieu naturel à la plongée sous marine. Une activité accessible pour un baptême dès 8 ans.</p>
