{"id":11336,"date":"2025-07-21T10:00:13","date_gmt":"2025-07-21T08:00:13","guid":{"rendered":"https:\/\/radio-aviva.com\/perpignan\/?post_type=podcast&#038;p=11336"},"modified":"2025-07-16T09:11:22","modified_gmt":"2025-07-16T07:11:22","slug":"parc-naturel-regional-corbieres-fenouilledes-melissa-bernard-chargee-de-mission-a-lenvironnement","status":"publish","type":"podcast","link":"https:\/\/radio-aviva.com\/perpignan\/podcast\/parc-naturel-regional-corbieres-fenouilledes-melissa-bernard-chargee-de-mission-a-lenvironnement\/","title":{"rendered":"PARC NATUREL REGIONAL CORBIERES FENOUILLEDES &#8211; M\u00e9lissa BERNARD, Charg\u00e9e de mission \u00e0 l&rsquo;environnement"},"content":{"rendered":"<p>Le Parc Corbi\u00e8res Fenouill\u00e8des d\u00e9voile\u00a024 animations 100% gratuites<\/p>\n<p>Entre nature, culture et patrimoine, d\u00e9couvrez le Parc Corbi\u00e8res Fenouill\u00e8des de fa\u00e7on ludique. Comment un Parc naturel d\u00e9mocratise l&rsquo;acc\u00e8s \u00e0 la culture et sensibilise \u00e0 l&rsquo;environnement, et gratuitement ?<\/p>\n","protected":false},"author":329,"featured_media":11337,"template":"","tags":[],"podcastfilter":[161,339],"class_list":["post-11336","podcast","type-podcast","status-publish","has-post-thumbnail","hentry","podcastfilter-animaux","podcastfilter-parc-naturel-regional-corbieres-fenouilledes"],"_links":{"self":[{"href":"https:\/\/radio-aviva.com\/perpignan\/wp-json\/wp\/v2\/podcast\/11336","targetHints":{"allow":["GET"]}}],"collection":[{"href":"https:\/\/radio-aviva.com\/perpignan\/wp-json\/wp\/v2\/podcast"}],"about":[{"href":"https:\/\/radio-aviva.com\/perpignan\/wp-json\/wp\/v2\/types\/podcast"}],"author":[{"embeddable":true,"href":"https:\/\/radio-aviva.com\/perpignan\/wp-json\/wp\/v2\/users\/329"}],"version-history":[{"count":1,"href":"https:\/\/radio-aviva.com\/perpignan\/wp-json\/wp\/v2\/podcast\/11336\/revisions"}],"predecessor-version":[{"id":11338,"href":"https:\/\/radio-aviva.com\/perpignan\/wp-json\/wp\/v2\/podcast\/11336\/revisions\/11338"}],"wp:featuredmedia":[{"embeddable":true,"href":"https:\/\/radio-aviva.com\/perpignan\/wp-json\/wp\/v2\/media\/11337"}],"wp:attachment":[{"href":"https:\/\/radio-aviva.com\/perpignan\/wp-json\/wp\/v2\/media?parent=11336"}],"wp:term":[{"taxonomy":"post_tag","embeddable":true,"href":"https:\/\/radio-aviva.com\/perpignan\/wp-json\/wp\/v2\/tags?post=11336"},{"taxonomy":"podcastfilter","embeddable":true,"href":"https:\/\/radio-aviva.com\/perpignan\/wp-json\/wp\/v2\/podcastfilter?post=11336"}],"curies":[{"name":"wp","href":"https:\/\/api.w.org\/{rel}","templated":true}]}}

PARC NATUREL REGIONAL CORBIERES FENOUILLEDES &#8211; Mélissa BERNARD, Chargée de mission à l&rsquo;environnement

<p>Le Parc Corbières Fenouillèdes dévoile 24 animations 100% gratuites</p>
<p>Entre nature, culture et patrimoine, découvrez le Parc Corbières Fenouillèdes de façon ludique. Comment un Parc naturel démocratise l&rsquo;accès à la culture et sensibilise à l&rsquo;environnement, et gratuitement ?</p>
