{"id":11342,"date":"2025-07-16T09:22:50","date_gmt":"2025-07-16T07:22:50","guid":{"rendered":"https:\/\/radio-aviva.com\/perpignan\/?post_type=podcast&#038;p=11342"},"modified":"2025-07-16T09:22:50","modified_gmt":"2025-07-16T07:22:50","slug":"ete-au-musee-de-prehistoire-de-tautavel-david-angelats-responsable-communication","status":"publish","type":"podcast","link":"https:\/\/radio-aviva.com\/perpignan\/podcast\/ete-au-musee-de-prehistoire-de-tautavel-david-angelats-responsable-communication\/","title":{"rendered":"ETE AU MUSEE DE PREHISTOIRE DE TAUTAVEL &#8211; David ANGELATS, responsable communication"},"content":{"rendered":"<p>Un \u00e9t\u00e9 au mus\u00e9e, oui mais au mus\u00e9e de Tautavel !<\/p>\n","protected":false},"author":329,"featured_media":11343,"template":"","tags":[],"podcastfilter":[342,343],"class_list":["post-11342","podcast","type-podcast","status-publish","has-post-thumbnail","hentry","podcastfilter-musee-de-la-prehistoire-de-tautavel","podcastfilter-vacances"],"_links":{"self":[{"href":"https:\/\/radio-aviva.com\/perpignan\/wp-json\/wp\/v2\/podcast\/11342","targetHints":{"allow":["GET"]}}],"collection":[{"href":"https:\/\/radio-aviva.com\/perpignan\/wp-json\/wp\/v2\/podcast"}],"about":[{"href":"https:\/\/radio-aviva.com\/perpignan\/wp-json\/wp\/v2\/types\/podcast"}],"author":[{"embeddable":true,"href":"https:\/\/radio-aviva.com\/perpignan\/wp-json\/wp\/v2\/users\/329"}],"version-history":[{"count":1,"href":"https:\/\/radio-aviva.com\/perpignan\/wp-json\/wp\/v2\/podcast\/11342\/revisions"}],"predecessor-version":[{"id":11344,"href":"https:\/\/radio-aviva.com\/perpignan\/wp-json\/wp\/v2\/podcast\/11342\/revisions\/11344"}],"wp:featuredmedia":[{"embeddable":true,"href":"https:\/\/radio-aviva.com\/perpignan\/wp-json\/wp\/v2\/media\/11343"}],"wp:attachment":[{"href":"https:\/\/radio-aviva.com\/perpignan\/wp-json\/wp\/v2\/media?parent=11342"}],"wp:term":[{"taxonomy":"post_tag","embeddable":true,"href":"https:\/\/radio-aviva.com\/perpignan\/wp-json\/wp\/v2\/tags?post=11342"},{"taxonomy":"podcastfilter","embeddable":true,"href":"https:\/\/radio-aviva.com\/perpignan\/wp-json\/wp\/v2\/podcastfilter?post=11342"}],"curies":[{"name":"wp","href":"https:\/\/api.w.org\/{rel}","templated":true}]}}

<p>Un été au musée, oui mais au musée de Tautavel !</p>
