{"id":11360,"date":"2025-07-16T12:14:29","date_gmt":"2025-07-16T10:14:29","guid":{"rendered":"https:\/\/radio-aviva.com\/perpignan\/?post_type=podcast&#038;p=11360"},"modified":"2025-07-16T12:14:29","modified_gmt":"2025-07-16T10:14:29","slug":"jeune-chambre-economique-de-perpignan-avec-amelia-a-bonet-caillis-presidente","status":"publish","type":"podcast","link":"https:\/\/radio-aviva.com\/perpignan\/podcast\/jeune-chambre-economique-de-perpignan-avec-amelia-a-bonet-caillis-presidente\/","title":{"rendered":"JEUNE CHAMBRE ECONOMIQUE DE PERPIGNAN  avec Am\u00e9lia A BONET CAILLIS, Pr\u00e9sidente"},"content":{"rendered":"<p>Connaissez vous la Jeune Chambre \u00c9conomique?<\/p>\n<p>La JCE, c\u2019est un mouvement de jeunes de 18 \u00e0 40 ans qui, au-del\u00e0 de leur vie pro et perso d\u00e9j\u00e0 bien remplie, choisissent de donner de leur temps pour faire avancer leur territoire.<\/p>\n","protected":false},"author":329,"featured_media":11361,"template":"","tags":[],"podcastfilter":[164,299,143],"class_list":["post-11360","podcast","type-podcast","status-publish","has-post-thumbnail","hentry","podcastfilter-economie","podcastfilter-emploi-formations","podcastfilter-environnement"],"_links":{"self":[{"href":"https:\/\/radio-aviva.com\/perpignan\/wp-json\/wp\/v2\/podcast\/11360","targetHints":{"allow":["GET"]}}],"collection":[{"href":"https:\/\/radio-aviva.com\/perpignan\/wp-json\/wp\/v2\/podcast"}],"about":[{"href":"https:\/\/radio-aviva.com\/perpignan\/wp-json\/wp\/v2\/types\/podcast"}],"author":[{"embeddable":true,"href":"https:\/\/radio-aviva.com\/perpignan\/wp-json\/wp\/v2\/users\/329"}],"version-history":[{"count":1,"href":"https:\/\/radio-aviva.com\/perpignan\/wp-json\/wp\/v2\/podcast\/11360\/revisions"}],"predecessor-version":[{"id":11362,"href":"https:\/\/radio-aviva.com\/perpignan\/wp-json\/wp\/v2\/podcast\/11360\/revisions\/11362"}],"wp:featuredmedia":[{"embeddable":true,"href":"https:\/\/radio-aviva.com\/perpignan\/wp-json\/wp\/v2\/media\/11361"}],"wp:attachment":[{"href":"https:\/\/radio-aviva.com\/perpignan\/wp-json\/wp\/v2\/media?parent=11360"}],"wp:term":[{"taxonomy":"post_tag","embeddable":true,"href":"https:\/\/radio-aviva.com\/perpignan\/wp-json\/wp\/v2\/tags?post=11360"},{"taxonomy":"podcastfilter","embeddable":true,"href":"https:\/\/radio-aviva.com\/perpignan\/wp-json\/wp\/v2\/podcastfilter?post=11360"}],"curies":[{"name":"wp","href":"https:\/\/api.w.org\/{rel}","templated":true}]}}

JEUNE CHAMBRE ECONOMIQUE DE PERPIGNAN  avec Amélia A BONET CAILLIS, Présidente

<p>Connaissez vous la Jeune Chambre Économique?</p>
<p>La JCE, c’est un mouvement de jeunes de 18 à 40 ans qui, au-delà de leur vie pro et perso déjà bien remplie, choisissent de donner de leur temps pour faire avancer leur territoire.</p>
