{"id":11365,"date":"2025-07-18T11:51:09","date_gmt":"2025-07-18T09:51:09","guid":{"rendered":"https:\/\/radio-aviva.com\/perpignan\/?post_type=podcast&#038;p=11365"},"modified":"2025-07-18T11:51:09","modified_gmt":"2025-07-18T09:51:09","slug":"festival-des-plantes-medicinales-et-arbres-de-montagne-avec-anne-marie-pujol-presidente-et-organisatrice","status":"publish","type":"podcast","link":"https:\/\/radio-aviva.com\/perpignan\/podcast\/festival-des-plantes-medicinales-et-arbres-de-montagne-avec-anne-marie-pujol-presidente-et-organisatrice\/","title":{"rendered":"FESTIVAL DES PLANTES MEDICINALES ET ARBRES DE MONTAGNE avec  Anne- Marie PUJOL Pr\u00e9sidente et organisatrice"},"content":{"rendered":"<p>Festival des plantes m\u00e9dicinales et des arbres de montagne \u00e0 Font Romeu<\/p>\n<p>Cet \u00e9v\u00e8nement , ouvert \u00e0 tous, veut \u00eatre le rendez-vous des passionn\u00e9s de la montagne, des plantes m\u00e9dicinales, la nature, entre ami, famille, sportif, professionnel du bien \u00eatre<\/p>\n","protected":false},"author":329,"featured_media":11366,"template":"","tags":[],"podcastfilter":[354,352,353],"class_list":["post-11365","podcast","type-podcast","status-publish","has-post-thumbnail","hentry","podcastfilter-font-romeu","podcastfilter-nature","podcastfilter-plantes-medicinales"],"_links":{"self":[{"href":"https:\/\/radio-aviva.com\/perpignan\/wp-json\/wp\/v2\/podcast\/11365","targetHints":{"allow":["GET"]}}],"collection":[{"href":"https:\/\/radio-aviva.com\/perpignan\/wp-json\/wp\/v2\/podcast"}],"about":[{"href":"https:\/\/radio-aviva.com\/perpignan\/wp-json\/wp\/v2\/types\/podcast"}],"author":[{"embeddable":true,"href":"https:\/\/radio-aviva.com\/perpignan\/wp-json\/wp\/v2\/users\/329"}],"version-history":[{"count":1,"href":"https:\/\/radio-aviva.com\/perpignan\/wp-json\/wp\/v2\/podcast\/11365\/revisions"}],"predecessor-version":[{"id":11367,"href":"https:\/\/radio-aviva.com\/perpignan\/wp-json\/wp\/v2\/podcast\/11365\/revisions\/11367"}],"wp:featuredmedia":[{"embeddable":true,"href":"https:\/\/radio-aviva.com\/perpignan\/wp-json\/wp\/v2\/media\/11366"}],"wp:attachment":[{"href":"https:\/\/radio-aviva.com\/perpignan\/wp-json\/wp\/v2\/media?parent=11365"}],"wp:term":[{"taxonomy":"post_tag","embeddable":true,"href":"https:\/\/radio-aviva.com\/perpignan\/wp-json\/wp\/v2\/tags?post=11365"},{"taxonomy":"podcastfilter","embeddable":true,"href":"https:\/\/radio-aviva.com\/perpignan\/wp-json\/wp\/v2\/podcastfilter?post=11365"}],"curies":[{"name":"wp","href":"https:\/\/api.w.org\/{rel}","templated":true}]}}

FESTIVAL DES PLANTES MEDICINALES ET ARBRES DE MONTAGNE avec  Anne- Marie PUJOL Présidente et organisatrice

<p>Festival des plantes médicinales et des arbres de montagne à Font Romeu</p>
<p>Cet évènement , ouvert à tous, veut être le rendez-vous des passionnés de la montagne, des plantes médicinales, la nature, entre ami, famille, sportif, professionnel du bien être</p>
