{"id":11368,"date":"2025-07-22T09:00:58","date_gmt":"2025-07-22T07:00:58","guid":{"rendered":"https:\/\/radio-aviva.com\/perpignan\/?post_type=podcast&#038;p=11368"},"modified":"2025-07-18T14:44:38","modified_gmt":"2025-07-18T12:44:38","slug":"risque-incendie-et-preparation-avant-une-randonnee-avec-pierre-muntaner-vice-president-du-cnrcsc","status":"publish","type":"podcast","link":"https:\/\/radio-aviva.com\/perpignan\/podcast\/risque-incendie-et-preparation-avant-une-randonnee-avec-pierre-muntaner-vice-president-du-cnrcsc\/","title":{"rendered":"RISQUE INCENDIE ET PREPARATION AVANT UNE RANDONNEE  avec  Pierre MUNTANER, Vice Pr\u00e9sident du CNRCSC"},"content":{"rendered":"<p>Les b\u00e9n\u00e9voles de la brigade RISC patrouillent pour informer et sensibiliser les visiteurs.<\/p>\n<p><span class=\"notion-enable-hover\" data-token-index=\"0\">Entre mer et montagne, les Pyr\u00e9n\u00e9es-Orientales offrent un patrimoine naturel exceptionnel pour les amateurs de nature. Mais ces massifs sont particuli\u00e8rement expos\u00e9s au risque incendie. <\/span><span class=\"notion-enable-hover\" data-token-index=\"1\">Pierre MUNTANER<\/span> <span class=\"notion-enable-hover\" data-token-index=\"3\">Vice-Pr\u00e9sident du CNRCSC nous donne les bonnes consignes <\/span><\/p>\n","protected":false},"author":329,"featured_media":11369,"template":"","tags":[],"podcastfilter":[109,180,186,357,356,355],"class_list":["post-11368","podcast","type-podcast","status-publish","has-post-thumbnail","hentry","podcastfilter-perpignan","podcastfilter-pyrenees-orientales","podcastfilter-pyrenees-orientales-2","podcastfilter-randonnee","podcastfilter-risque-incendie","podcastfilter-securite-civil"],"_links":{"self":[{"href":"https:\/\/radio-aviva.com\/perpignan\/wp-json\/wp\/v2\/podcast\/11368","targetHints":{"allow":["GET"]}}],"collection":[{"href":"https:\/\/radio-aviva.com\/perpignan\/wp-json\/wp\/v2\/podcast"}],"about":[{"href":"https:\/\/radio-aviva.com\/perpignan\/wp-json\/wp\/v2\/types\/podcast"}],"author":[{"embeddable":true,"href":"https:\/\/radio-aviva.com\/perpignan\/wp-json\/wp\/v2\/users\/329"}],"version-history":[{"count":1,"href":"https:\/\/radio-aviva.com\/perpignan\/wp-json\/wp\/v2\/podcast\/11368\/revisions"}],"predecessor-version":[{"id":11370,"href":"https:\/\/radio-aviva.com\/perpignan\/wp-json\/wp\/v2\/podcast\/11368\/revisions\/11370"}],"wp:featuredmedia":[{"embeddable":true,"href":"https:\/\/radio-aviva.com\/perpignan\/wp-json\/wp\/v2\/media\/11369"}],"wp:attachment":[{"href":"https:\/\/radio-aviva.com\/perpignan\/wp-json\/wp\/v2\/media?parent=11368"}],"wp:term":[{"taxonomy":"post_tag","embeddable":true,"href":"https:\/\/radio-aviva.com\/perpignan\/wp-json\/wp\/v2\/tags?post=11368"},{"taxonomy":"podcastfilter","embeddable":true,"href":"https:\/\/radio-aviva.com\/perpignan\/wp-json\/wp\/v2\/podcastfilter?post=11368"}],"curies":[{"name":"wp","href":"https:\/\/api.w.org\/{rel}","templated":true}]}}

RISQUE INCENDIE ET PREPARATION AVANT UNE RANDONNEE  avec  Pierre MUNTANER, Vice Président du CNRCSC

<p>Les bénévoles de la brigade RISC patrouillent pour informer et sensibiliser les visiteurs.</p>
<p><span class="notion-enable-hover" data-token-index="0">Entre mer et montagne, les Pyrénées-Orientales offrent un patrimoine naturel exceptionnel pour les amateurs de nature. Mais ces massifs sont particulièrement exposés au risque incendie. </span><span class="notion-enable-hover" data-token-index="1">Pierre MUNTANER</span> <span class="notion-enable-hover" data-token-index="3">Vice-Président du CNRCSC nous donne les bonnes consignes </span></p>
